{"id":2065,"date":"2025-04-03T14:55:52","date_gmt":"2025-04-03T17:55:52","guid":{"rendered":"http:\/\/sanignacioconcepcion.cl\/sitio\/?page_id=2065"},"modified":"2025-04-03T16:15:58","modified_gmt":"2025-04-03T19:15:58","slug":"centro-de-alumnos-casi-roma","status":"publish","type":"page","link":"http:\/\/sanignacioconcepcion.cl\/sitio\/centro-de-alumnos-casi-roma\/","title":{"rendered":"CASI Roma"},"content":{"rendered":"<p>[vc_row thb_full_width=\u00bbtrue\u00bb thb_row_padding=\u00bbtrue\u00bb thb_column_padding=\u00bbtrue\u00bb css=\u00bb.vc_custom_1570111890857{background-image: url(http:\/\/sanignacioconcepcion.cl\/sitio\/wp-content\/uploads\/2019\/10\/banner-superior01.jpg?id=134) !important;background-position: center !important;background-repeat: no-repeat !important;background-size: cover !important;}\u00bb el_class=\u00bbbanner-superior\u00bb][vc_column][\/vc_column][\/vc_row][vc_row el_class=\u00bbcontenedor-titulo-pagina align-center\u00bb][vc_column width=\u00bb11\/12&#8243;][vc_column_text]<\/p>\n<h2>Centro de Alumnos CASI<\/h2>\n<p>[\/vc_column_text][\/vc_column][\/vc_row][vc_row el_class=\u00bbalign-center\u00bb][vc_column width=\u00bb3\/4&#8243; el_class=\u00bbcontenedor-paginas-interiores\u00bb][vc_column_text]<\/p>\n<h2>Centro de Alumnos Ciclo Roma San Ignacio 2025<\/h2>\n<p>[\/vc_column_text][vc_column_text]<img loading=\"lazy\" class=\"alignnone wp-image-9748 size-full\" src=\"http:\/\/sanignacioconcepcion.cl\/sitio\/wp-content\/uploads\/2025\/04\/CASI-2025-2-scaled.jpg\" alt=\"\" width=\"2560\" height=\"1786\" srcset=\"http:\/\/sanignacioconcepcion.cl\/sitio\/wp-content\/uploads\/2025\/04\/CASI-2025-2-scaled.jpg 2560w, http:\/\/sanignacioconcepcion.cl\/sitio\/wp-content\/uploads\/2025\/04\/CASI-2025-2-1024x714.jpg 1024w, http:\/\/sanignacioconcepcion.cl\/sitio\/wp-content\/uploads\/2025\/04\/CASI-2025-2-768x536.jpg 768w, http:\/\/sanignacioconcepcion.cl\/sitio\/wp-content\/uploads\/2025\/04\/CASI-2025-2-1536x1072.jpg 1536w, http:\/\/sanignacioconcepcion.cl\/sitio\/wp-content\/uploads\/2025\/04\/CASI-2025-2-2048x1429.jpg 2048w, http:\/\/sanignacioconcepcion.cl\/sitio\/wp-content\/uploads\/2025\/04\/CASI-2025-2-600x419.jpg 600w\" sizes=\"(max-width: 2560px) 100vw, 2560px\" \/>[\/vc_column_text][vc_column_text]<strong>Integran el Centro de Alumnos(as) 2025:<\/strong><\/p>\n<div dir=\"auto\">\n<div dir=\"auto\"><strong>1ra Fila:<\/strong> Martina del Pino, Vicepresidenta, Agustina Cepeda, Secretaria, Benjam\u00edn Soto, Tesorero, Miguel Orella, Pastoral, Sarai G\u00f3mez, Presidenta, Rafaella Araneda, M. Difusi\u00f3n, Renata Plaza, M. Difusi\u00f3n, Martina Morales, M. Cultura, Amanda Quevedo, M. Cultura.<\/div>\n<div dir=\"auto\"><\/div>\n<div dir=\"auto\"><strong>2da fila:<\/strong> Amelia Campos, M. Medioambiente, Florencia Cruz, M. Deporte, Florencia Araneda, M. Deporte, Mat\u00edas Delgado, M. Deporte, Agustina Fern\u00e1ndez, M. Bienestar, Josefa Carvajal, M. Diversidad, Consuelo Molina, M. C\u00edvica, Antonia G\u00f3mez, M. C\u00edvica.<\/div>\n<p><strong>Profesores asesores:<\/strong> Sra. Marisol \u00c1lvarez, Sr. Joaqu\u00edn Gajardo.<\/p>\n<p>&nbsp;<\/p>\n<\/div>\n<p>[\/vc_column_text][\/vc_column][\/vc_row][vc_row][vc_column][vc_empty_space height=\u00bb100px\u00bb][\/vc_column][\/vc_row][vc_row][vc_column][vc_column_text]<\/p>\n<p>[\/vc_column_text][\/vc_column][\/vc_row]<\/p>\n","protected":false},"excerpt":{"rendered":"<p>[vc_row thb_full_width=\u00bbtrue\u00bb thb_row_padding=\u00bbtrue\u00bb thb_column_padding=\u00bbtrue\u00bb css=\u00bb.vc_custom_1570111890857{background-image: url(http:\/\/sanignacioconcepcion.cl\/sitio\/wp-content\/uploads\/2019\/10\/banner-superior01.jpg?id=134) !important;background-position: center !important;background-repeat: no-repeat !important;background-size: cover !important;}\u00bb el_class=\u00bbbanner-superior\u00bb][vc_column][\/vc_column][\/vc_row][vc_row el_class=\u00bbcontenedor-titulo-pagina align-center\u00bb][vc_column width=\u00bb11\/12&#8243;][vc_column_text] Centro de Alumnos CASI [\/vc_column_text][\/vc_column][\/vc_row][vc_row el_class=\u00bbalign-center\u00bb][vc_column width=\u00bb3\/4&#8243; el_class=\u00bbcontenedor-paginas-interiores\u00bb][vc_column_text] Centro de Alumnos Ciclo Roma San Ignacio 2025 [\/vc_column_text][vc_column_text][\/vc_column_text][vc_column_text]Integran el Centro de Alumnos(as) 2025: 1ra Fila: Martina del Pino, Vicepresidenta, Agustina Cepeda, Secretaria, Benjam\u00edn Soto, Tesorero, Miguel Orella, Pastoral, Sarai&hellip;<\/p>\n","protected":false},"author":1,"featured_media":0,"parent":0,"menu_order":0,"comment_status":"closed","ping_status":"closed","template":"","meta":[],"_links":{"self":[{"href":"http:\/\/sanignacioconcepcion.cl\/sitio\/wp-json\/wp\/v2\/pages\/2065"}],"collection":[{"href":"http:\/\/sanignacioconcepcion.cl\/sitio\/wp-json\/wp\/v2\/pages"}],"about":[{"href":"http:\/\/sanignacioconcepcion.cl\/sitio\/wp-json\/wp\/v2\/types\/page"}],"author":[{"embeddable":true,"href":"http:\/\/sanignacioconcepcion.cl\/sitio\/wp-json\/wp\/v2\/users\/1"}],"replies":[{"embeddable":true,"href":"http:\/\/sanignacioconcepcion.cl\/sitio\/wp-json\/wp\/v2\/comments?post=2065"}],"version-history":[{"count":16,"href":"http:\/\/sanignacioconcepcion.cl\/sitio\/wp-json\/wp\/v2\/pages\/2065\/revisions"}],"predecessor-version":[{"id":9750,"href":"http:\/\/sanignacioconcepcion.cl\/sitio\/wp-json\/wp\/v2\/pages\/2065\/revisions\/9750"}],"wp:attachment":[{"href":"http:\/\/sanignacioconcepcion.cl\/sitio\/wp-json\/wp\/v2\/media?parent=2065"}],"curies":[{"name":"wp","href":"https:\/\/api.w.org\/{rel}","templated":true}]}}

<p>[vc_row thb_full_width=»true» thb_row_padding=»true» thb_column_padding=»true» css=».vc_custom_1570111890857{background-image: url(http://sanignacioconcepcion.cl/sitio/wp-content/uploads/2019/10/banner-superior01.jpg?id=134) !important;background-position: center !important;background-repeat: no-repeat !important;background-size: cover !important;}» el_class=»banner-superior»][vc_column][/vc_column][/vc_row][vc_row el_class=»contenedor-titulo-pagina align-center»][vc_column width=»11/12&#8243;][vc_column_text]</p>
<h2>Centro de Alumnos CASI</h2>
<p>[/vc_column_text][/vc_column][/vc_row][vc_row el_class=»align-center»][vc_column width=»3/4&#8243; el_class=»contenedor-paginas-interiores»][vc_column_text]</p>
<h2>Centro de Alumnos Ciclo Roma San Ignacio 2025</h2>
<p>[/vc_column_text][vc_column_text]<img loading="lazy" class="alignnone wp-image-9748 size-full" src="http://sanignacioconcepcion.cl/sitio/wp-content/uploads/2025/04/CASI-2025-2-scaled.jpg" alt="" width="2560" height="1786" srcset="http://sanignacioconcepcion.cl/sitio/wp-content/uploads/2025/04/CASI-2025-2-scaled.jpg 2560w, http://sanignacioconcepcion.cl/sitio/wp-content/uploads/2025/04/CASI-2025-2-1024x714.jpg 1024w, http://sanignacioconcepcion.cl/sitio/wp-content/uploads/2025/04/CASI-2025-2-768x536.jpg 768w, http://sanignacioconcepcion.cl/sitio/wp-content/uploads/2025/04/CASI-2025-2-1536x1072.jpg 1536w, http://sanignacioconcepcion.cl/sitio/wp-content/uploads/2025/04/CASI-2025-2-2048x1429.jpg 2048w, http://sanignacioconcepcion.cl/sitio/wp-content/uploads/2025/04/CASI-2025-2-600x419.jpg 600w" sizes="(max-width: 2560px) 100vw, 2560px" />[/vc_column_text][vc_column_text]<strong>Integran el Centro de Alumnos(as) 2025:</strong></p>
<div dir="auto">
<div dir="auto"><strong>1ra Fila:</strong> Martina del Pino, Vicepresidenta, Agustina Cepeda, Secretaria, Benjamín Soto, Tesorero, Miguel Orella, Pastoral, Sarai Gómez, Presidenta, Rafaella Araneda, M. Difusión, Renata Plaza, M. Difusión, Martina Morales, M. Cultura, Amanda Quevedo, M. Cultura.</div>
<div dir="auto"></div>
<div dir="auto"><strong>2da fila:</strong> Amelia Campos, M. Medioambiente, Florencia Cruz, M. Deporte, Florencia Araneda, M. Deporte, Matías Delgado, M. Deporte, Agustina Fernández, M. Bienestar, Josefa Carvajal, M. Diversidad, Consuelo Molina, M. Cívica, Antonia Gómez, M. Cívica.</div>
<p><strong>Profesores asesores:</strong> Sra. Marisol Álvarez, Sr. Joaquín Gajardo.</p>
<p>&nbsp;</p>
</div>
<p>[/vc_column_text][/vc_column][/vc_row][vc_row][vc_column][vc_empty_space height=»100px»][/vc_column][/vc_row][vc_row][vc_column][vc_column_text]</p>
<p>[/vc_column_text][/vc_column][/vc_row]</p>

<p>[vc_row thb_full_width=»true» thb_row_padding=»true» thb_column_padding=»true» css=».vc_custom_1570111890857{background-image: url(http://sanignacioconcepcion.cl/sitio/wp-content/uploads/2019/10/banner-superior01.jpg?id=134) !important;background-position: center !important;background-repeat: no-repeat !important;background-size: cover !important;}» el_class=»banner-superior»][vc_column][/vc_column][/vc_row][vc_row el_class=»contenedor-titulo-pagina align-center»][vc_column width=»11/12&#8243;][vc_column_text] Centro de Alumnos CASI [/vc_column_text][/vc_column][/vc_row][vc_row el_class=»align-center»][vc_column width=»3/4&#8243; el_class=»contenedor-paginas-interiores»][vc_column_text] Centro de Alumnos Ciclo Roma San Ignacio 2025 [/vc_column_text][vc_column_text][/vc_column_text][vc_column_text]Integran el Centro de Alumnos(as) 2025: 1ra Fila: Martina del Pino, Vicepresidenta, Agustina Cepeda, Secretaria, Benjamín Soto, Tesorero, Miguel Orella, Pastoral, Sarai&hellip;</p>
