{"id":2259,"date":"2021-06-16T12:32:51","date_gmt":"2021-06-16T12:32:51","guid":{"rendered":"http:\/\/sanignacioconcepcion.cl\/sitio\/?page_id=2259"},"modified":"2023-03-16T19:17:44","modified_gmt":"2023-03-16T19:17:44","slug":"informacion-general","status":"publish","type":"page","link":"http:\/\/sanignacioconcepcion.cl\/sitio\/informacion-general\/","title":{"rendered":"Informaci\u00f3n General Retorno"},"content":{"rendered":"<p>[vc_row thb_full_width=\u00bbtrue\u00bb thb_row_padding=\u00bbtrue\u00bb thb_column_padding=\u00bbtrue\u00bb css=\u00bb.vc_custom_1570111890857{background-image: url(http:\/\/sanignacioconcepcion.cl\/sitio\/wp-content\/uploads\/2019\/10\/banner-superior01.jpg?id=134) !important;background-position: center !important;background-repeat: no-repeat !important;background-size: cover !important;}\u00bb el_class=\u00bbbanner-superior\u00bb][vc_column][\/vc_column][\/vc_row][vc_row el_class=\u00bbcontenedor-titulo-pagina align-center\u00bb][vc_column width=\u00bb11\/12&#8243;][vc_column_text]<\/p>\n<h4>Informaci\u00f3n general<\/h4>\n<p>[\/vc_column_text][\/vc_column][\/vc_row][vc_row el_class=\u00bbalign-center\u00bb][vc_column width=\u00bb11\/12&#8243; el_class=\u00bbcontenedor-paginas-interiores\u00bb][vc_row_inner][vc_column_inner el_class=\u00bbmenu-lateral\u00bb width=\u00bb1\/4&#8243;][vc_widget_sidebar sidebar_id=\u00bbfooter4&#8243;][\/vc_column_inner][vc_column_inner width=\u00bb3\/4&#8243;][vc_column_text]<img loading=\"lazy\" class=\"aligncenter wp-image-5813 \" src=\"http:\/\/sanignacioconcepcion.cl\/sitio\/wp-content\/uploads\/2023\/03\/Logo-Estoy-Presente-2023-1024x430.png\" alt=\"\" width=\"466\" height=\"196\" srcset=\"http:\/\/sanignacioconcepcion.cl\/sitio\/wp-content\/uploads\/2023\/03\/Logo-Estoy-Presente-2023-1024x430.png 1024w, http:\/\/sanignacioconcepcion.cl\/sitio\/wp-content\/uploads\/2023\/03\/Logo-Estoy-Presente-2023-768x322.png 768w, http:\/\/sanignacioconcepcion.cl\/sitio\/wp-content\/uploads\/2023\/03\/Logo-Estoy-Presente-2023-1536x645.png 1536w, http:\/\/sanignacioconcepcion.cl\/sitio\/wp-content\/uploads\/2023\/03\/Logo-Estoy-Presente-2023-600x252.png 600w, http:\/\/sanignacioconcepcion.cl\/sitio\/wp-content\/uploads\/2023\/03\/Logo-Estoy-Presente-2023.png 1601w\" sizes=\"(max-width: 466px) 100vw, 466px\" \/><\/p>\n<p>Informaci\u00f3n general que deben considerar al momento&nbsp;de asistir al colegio.<\/p>\n<p><strong>1) JORNADA ESCOLAR<\/strong><\/p>\n<ul>\n<li>Pre K\u00ednder y K\u00ednder:&nbsp;08:00 a 13:15 horas.<\/li>\n<li>1ros y 2dos b\u00e1sicos:&nbsp;08:00 a 14:15 horas.<\/li>\n<li>3ros y 4tos b\u00e1sicos:<br \/>\nLunes a jueves: 08:00 a 15:40 horas.<br \/>\nViernes: 08:00 a 13:20 horas.<\/li>\n<li>5tos a 8vos b\u00e1sicos:<br \/>\nLunes a jueves: 08:00 a 15:35 horas.<br \/>\nViernes: 08:00 a 13:20 horas.<\/li>\n<li>I\u00ba a IV\u00ba medio:<br \/>\nLunes a jueves: 08:00 a 16:30 horas.<br \/>\nViernes: 08:00 a 13:20 horas.<\/li>\n<\/ul>\n<p><strong>2) ACCESOS<\/strong><\/p>\n<ul>\n<li>Pre K\u00ednder y K\u00ednder: Sector Patio Trasero Pre b\u00e1sica<\/li>\n<li>1ros b\u00e1sicos a IV\u00ba medio: Sector Quiosco\/Casino.<\/li>\n<\/ul>\n<p><strong>3) VESTIMENTA<\/strong><\/p>\n<p>Compartimos con ustedes los detalles respecto al <a href=\"http:\/\/sanignacioconcepcion.cl\/sitio\/wp-content\/uploads\/2022\/11\/Uniforme-Escolar-SIC-2023_compressed.pdf\"><span class=\"il\">uniforme<\/span>&nbsp;<span class=\"il\">escolar<\/span>&nbsp;<u>a partir del a\u00f1o 2023.<\/u><\/a><\/p>\n<p><strong>4) KIT DEL ESTUDIANTE<\/strong><\/p>\n<p>Se sugiere que nuestro estudiantes puedan portar lo siguiente ante cualquier eventualidad:<\/p>\n<p>\u2013 alcohol gel<\/p>\n<p>\u2013 mascarilla&nbsp;<\/p>\n<p>&nbsp;<\/p>\n<p><strong>IMPORTANTE:<\/strong><\/p>\n<p>Les recordamos, a nuestros estudiante, que antes de salir de su casa deben chequear sus s\u00edntomas&nbsp;(temperatura, no tener tos, dolor de garganta, entre otros). Si tienen algunos de&nbsp;estos s\u00edntomas deben quedarse en casa y avisar lo antes posible a su profesor(a) jefe.<\/p>\n<p>Atentamente,<\/p>\n<p>Convivencia Escolar[\/vc_column_text][\/vc_column_inner][\/vc_row_inner][\/vc_column][\/vc_row][vc_row][vc_column][vc_empty_space height=\u00bb100px\u00bb][\/vc_column][\/vc_row]<\/p>\n","protected":false},"excerpt":{"rendered":"<p>[vc_row thb_full_width=\u00bbtrue\u00bb thb_row_padding=\u00bbtrue\u00bb thb_column_padding=\u00bbtrue\u00bb css=\u00bb.vc_custom_1570111890857{background-image: url(http:\/\/sanignacioconcepcion.cl\/sitio\/wp-content\/uploads\/2019\/10\/banner-superior01.jpg?id=134) !important;background-position: center !important;background-repeat: no-repeat !important;background-size: cover !important;}\u00bb el_class=\u00bbbanner-superior\u00bb][vc_column][\/vc_column][\/vc_row][vc_row el_class=\u00bbcontenedor-titulo-pagina align-center\u00bb][vc_column width=\u00bb11\/12&#8243;][vc_column_text] Informaci\u00f3n general [\/vc_column_text][\/vc_column][\/vc_row][vc_row el_class=\u00bbalign-center\u00bb][vc_column width=\u00bb11\/12&#8243; el_class=\u00bbcontenedor-paginas-interiores\u00bb][vc_row_inner][vc_column_inner el_class=\u00bbmenu-lateral\u00bb width=\u00bb1\/4&#8243;][vc_widget_sidebar sidebar_id=\u00bbfooter4&#8243;][\/vc_column_inner][vc_column_inner width=\u00bb3\/4&#8243;][vc_column_text] Informaci\u00f3n general que deben considerar al momento&nbsp;de asistir al colegio. 1) JORNADA ESCOLAR Pre K\u00ednder y K\u00ednder:&nbsp;08:00 a 13:15 horas. 1ros y 2dos b\u00e1sicos:&nbsp;08:00 a 14:15 horas. 3ros&hellip;<\/p>\n","protected":false},"author":1,"featured_media":0,"parent":0,"menu_order":0,"comment_status":"closed","ping_status":"closed","template":"","meta":[],"_links":{"self":[{"href":"http:\/\/sanignacioconcepcion.cl\/sitio\/wp-json\/wp\/v2\/pages\/2259"}],"collection":[{"href":"http:\/\/sanignacioconcepcion.cl\/sitio\/wp-json\/wp\/v2\/pages"}],"about":[{"href":"http:\/\/sanignacioconcepcion.cl\/sitio\/wp-json\/wp\/v2\/types\/page"}],"author":[{"embeddable":true,"href":"http:\/\/sanignacioconcepcion.cl\/sitio\/wp-json\/wp\/v2\/users\/1"}],"replies":[{"embeddable":true,"href":"http:\/\/sanignacioconcepcion.cl\/sitio\/wp-json\/wp\/v2\/comments?post=2259"}],"version-history":[{"count":16,"href":"http:\/\/sanignacioconcepcion.cl\/sitio\/wp-json\/wp\/v2\/pages\/2259\/revisions"}],"predecessor-version":[{"id":6030,"href":"http:\/\/sanignacioconcepcion.cl\/sitio\/wp-json\/wp\/v2\/pages\/2259\/revisions\/6030"}],"wp:attachment":[{"href":"http:\/\/sanignacioconcepcion.cl\/sitio\/wp-json\/wp\/v2\/media?parent=2259"}],"curies":[{"name":"wp","href":"https:\/\/api.w.org\/{rel}","templated":true}]}}