{"id":6141,"date":"2023-04-03T21:37:30","date_gmt":"2023-04-03T21:37:30","guid":{"rendered":"http:\/\/sanignacioconcepcion.cl\/sitio\/?page_id=6141"},"modified":"2023-08-10T20:14:25","modified_gmt":"2023-08-10T20:14:25","slug":"centro-de-recursos-para-el-aprendizaje-cra","status":"publish","type":"page","link":"http:\/\/sanignacioconcepcion.cl\/sitio\/centro-de-recursos-para-el-aprendizaje-cra\/","title":{"rendered":"Centro de Recursos para el Aprendizaje (CRA)"},"content":{"rendered":"<p>[vc_row thb_full_width=\u00bbtrue\u00bb thb_row_padding=\u00bbtrue\u00bb thb_column_padding=\u00bbtrue\u00bb css=\u00bb.vc_custom_1570111890857{background-image: url(http:\/\/sanignacioconcepcion.cl\/sitio\/wp-content\/uploads\/2019\/10\/banner-superior01.jpg?id=134) !important;background-position: center !important;background-repeat: no-repeat !important;background-size: cover !important;}\u00bb el_class=\u00bbbanner-superior\u00bb][vc_column][\/vc_column][\/vc_row][vc_row el_class=\u00bbcontenedor-titulo-pagina align-center\u00bb][vc_column width=\u00bb11\/12&#8243;][vc_column_text]<\/p>\n<h2>Centro de Recursos para el Aprendizaje (CRA)<\/h2>\n<p>[\/vc_column_text][\/vc_column][\/vc_row][vc_row el_class=\u00bbalign-center\u00bb][vc_column width=\u00bb11\/12&#8243; el_class=\u00bbcontenedor-paginas-interiores\u00bb][vc_row_inner][vc_column_inner el_class=\u00bbmenu-lateral\u00bb width=\u00bb1\/4&#8243;][\/vc_column_inner][vc_column_inner el_class=\u00bbcontenedor-personal\u00bb width=\u00bb3\/4&#8243;][vc_column_text]<img loading=\"lazy\" class=\"aligncenter wp-image-6132 size-large\" src=\"http:\/\/sanignacioconcepcion.cl\/sitio\/wp-content\/uploads\/2023\/04\/biblioteca-banner-1024x188.jpg\" alt=\"\" width=\"1024\" height=\"188\" srcset=\"http:\/\/sanignacioconcepcion.cl\/sitio\/wp-content\/uploads\/2023\/04\/biblioteca-banner-1024x188.jpg 1024w, http:\/\/sanignacioconcepcion.cl\/sitio\/wp-content\/uploads\/2023\/04\/biblioteca-banner-768x141.jpg 768w, http:\/\/sanignacioconcepcion.cl\/sitio\/wp-content\/uploads\/2023\/04\/biblioteca-banner-600x110.jpg 600w, http:\/\/sanignacioconcepcion.cl\/sitio\/wp-content\/uploads\/2023\/04\/biblioteca-banner.jpg 1396w\" sizes=\"(max-width: 1024px) 100vw, 1024px\" \/><\/p>\n<p>Te damos la bienvenida a la biblioteca CRA del Colegio San Ignacio de Concepci\u00f3n, \u00e9ste es un espacio abierto a toda la comunidad ignaciana. En concordancia con nuestro PEI, estamos comprometidos con una formaci\u00f3n ignaciana que promueva la excelencia acad\u00e9mica, espiritual, val\u00f3rica y humana. Por esto, la biblioteca CRA no es solo un lugar donde se guardan textos, sino un espacio creativo de encuentro y aprendizaje para toda nuestra comunidad escolar. Ac\u00e1 encontrar\u00e1s una colecci\u00f3n aproximada de 8.000 libros de diversos temas que puedes solicitar en el mes\u00f3n de pr\u00e9stamo.<\/p>\n<p>La biblioteca CRA, en conjunto con los distintos departamentos de asignatura del colegio, coordina y organiza actividades acad\u00e9micas y culturales que fomentan el inter\u00e9s por el conocimiento, la lectura, la investigaci\u00f3n y la alfabetizaci\u00f3n informacional.<\/p>\n<p>Puedes visitar la biblioteca en los siguientes horarios:<\/p>\n<p>\u2013&nbsp;&nbsp;&nbsp;&nbsp;&nbsp;&nbsp;&nbsp;&nbsp;&nbsp; Lunes a jueves: 8:00 \u2013 18:00 hrs.<\/p>\n<p>\u2013&nbsp;&nbsp;&nbsp;&nbsp;&nbsp;&nbsp;&nbsp;&nbsp;&nbsp; Viernes: 8:00 -15:30 hrs.<\/p>\n<p>\u00a1Te esperamos!<\/p>\n<p>Contacto: <strong>&#x62;&#x69;&#x62;&#x6c;&#x69;&#x6f;&#x74;&#x65;&#x63;&#x61;&#x40;&#x63;&#x6f;&#x6c;&#x65;&#x67;&#x69;&#x6f;&#x73;&#x69;&#x63;&#x2e;&#x63;&#x6c;<\/strong><\/p>\n<ul>\n<li><strong>Recursos para nuestros\/as estudiantes:<\/strong><\/li>\n<\/ul>\n<p><a href=\"https:\/\/bdescolar.mineduc.cl\/?locale=es\"><img loading=\"lazy\" class=\"alignleft wp-image-6816\" src=\"http:\/\/sanignacioconcepcion.cl\/sitio\/wp-content\/uploads\/2023\/08\/Captura-de-Pantalla-2023-08-10-a-las-16.09.58.png\" alt=\"\" width=\"208\" height=\"100\" srcset=\"http:\/\/sanignacioconcepcion.cl\/sitio\/wp-content\/uploads\/2023\/08\/Captura-de-Pantalla-2023-08-10-a-las-16.09.58.png 1815w, http:\/\/sanignacioconcepcion.cl\/sitio\/wp-content\/uploads\/2023\/08\/Captura-de-Pantalla-2023-08-10-a-las-16.09.58-1024x493.png 1024w, http:\/\/sanignacioconcepcion.cl\/sitio\/wp-content\/uploads\/2023\/08\/Captura-de-Pantalla-2023-08-10-a-las-16.09.58-768x370.png 768w, http:\/\/sanignacioconcepcion.cl\/sitio\/wp-content\/uploads\/2023\/08\/Captura-de-Pantalla-2023-08-10-a-las-16.09.58-1536x740.png 1536w, http:\/\/sanignacioconcepcion.cl\/sitio\/wp-content\/uploads\/2023\/08\/Captura-de-Pantalla-2023-08-10-a-las-16.09.58-600x289.png 600w\" sizes=\"(max-width: 208px) 100vw, 208px\" \/><\/a>Te invitamos a visitar la <strong>Biblioteca escolar digital que promueve el MINEDUC:<\/strong> <a href=\"https:\/\/bdescolar.mineduc.cl\/?locale=es\">https:\/\/bdescolar.mineduc.cl\/?locale=es<\/a><\/p>\n<p>&nbsp;<\/p>\n<p>&nbsp;<\/p>\n<p><a href=\"https:\/\/www.alibrate.com\/libros-dominio-publico\"><img loading=\"lazy\" class=\"alignleft wp-image-6815\" src=\"http:\/\/sanignacioconcepcion.cl\/sitio\/wp-content\/uploads\/2023\/08\/Captura-de-Pantalla-2023-08-10-a-las-16.10.13.png\" alt=\"\" width=\"211\" height=\"124\" srcset=\"http:\/\/sanignacioconcepcion.cl\/sitio\/wp-content\/uploads\/2023\/08\/Captura-de-Pantalla-2023-08-10-a-las-16.10.13.png 1381w, http:\/\/sanignacioconcepcion.cl\/sitio\/wp-content\/uploads\/2023\/08\/Captura-de-Pantalla-2023-08-10-a-las-16.10.13-1024x605.png 1024w, http:\/\/sanignacioconcepcion.cl\/sitio\/wp-content\/uploads\/2023\/08\/Captura-de-Pantalla-2023-08-10-a-las-16.10.13-768x454.png 768w, http:\/\/sanignacioconcepcion.cl\/sitio\/wp-content\/uploads\/2023\/08\/Captura-de-Pantalla-2023-08-10-a-las-16.10.13-600x355.png 600w\" sizes=\"(max-width: 211px) 100vw, 211px\" \/><\/a>En <strong>ALIBRATE<\/strong> podr\u00e1s encontrar libros de dominio p\u00fablico, para ello debes registrarte y de esta manera acceder a miles de libros, escribir rese\u00f1as, crear tu biblioteca virtual y m\u00e1s: <a href=\"https:\/\/www.alibrate.com\/libros-dominio-publico\">https:\/\/www.alibrate.com\/libros-dominio-publico<\/a><\/p>\n<p>&nbsp;[\/vc_column_text][vc_column_text][\/vc_column_text][\/vc_column_inner][\/vc_row_inner][\/vc_column][\/vc_row][vc_row][vc_column][vc_empty_space height=\u00bb100px\u00bb][\/vc_column][\/vc_row]<\/p>\n","protected":false},"excerpt":{"rendered":"<p>[vc_row thb_full_width=\u00bbtrue\u00bb thb_row_padding=\u00bbtrue\u00bb thb_column_padding=\u00bbtrue\u00bb css=\u00bb.vc_custom_1570111890857{background-image: url(http:\/\/sanignacioconcepcion.cl\/sitio\/wp-content\/uploads\/2019\/10\/banner-superior01.jpg?id=134) !important;background-position: center !important;background-repeat: no-repeat !important;background-size: cover !important;}\u00bb el_class=\u00bbbanner-superior\u00bb][vc_column][\/vc_column][\/vc_row][vc_row el_class=\u00bbcontenedor-titulo-pagina align-center\u00bb][vc_column width=\u00bb11\/12&#8243;][vc_column_text] Centro de Recursos para el Aprendizaje (CRA) [\/vc_column_text][\/vc_column][\/vc_row][vc_row el_class=\u00bbalign-center\u00bb][vc_column width=\u00bb11\/12&#8243; el_class=\u00bbcontenedor-paginas-interiores\u00bb][vc_row_inner][vc_column_inner el_class=\u00bbmenu-lateral\u00bb width=\u00bb1\/4&#8243;][\/vc_column_inner][vc_column_inner el_class=\u00bbcontenedor-personal\u00bb width=\u00bb3\/4&#8243;][vc_column_text] Te damos la bienvenida a la biblioteca CRA del Colegio San Ignacio de Concepci\u00f3n, \u00e9ste es un espacio abierto a toda la comunidad&hellip;<\/p>\n","protected":false},"author":1,"featured_media":0,"parent":0,"menu_order":0,"comment_status":"closed","ping_status":"closed","template":"","meta":[],"_links":{"self":[{"href":"http:\/\/sanignacioconcepcion.cl\/sitio\/wp-json\/wp\/v2\/pages\/6141"}],"collection":[{"href":"http:\/\/sanignacioconcepcion.cl\/sitio\/wp-json\/wp\/v2\/pages"}],"about":[{"href":"http:\/\/sanignacioconcepcion.cl\/sitio\/wp-json\/wp\/v2\/types\/page"}],"author":[{"embeddable":true,"href":"http:\/\/sanignacioconcepcion.cl\/sitio\/wp-json\/wp\/v2\/users\/1"}],"replies":[{"embeddable":true,"href":"http:\/\/sanignacioconcepcion.cl\/sitio\/wp-json\/wp\/v2\/comments?post=6141"}],"version-history":[{"count":8,"href":"http:\/\/sanignacioconcepcion.cl\/sitio\/wp-json\/wp\/v2\/pages\/6141\/revisions"}],"predecessor-version":[{"id":6145,"href":"http:\/\/sanignacioconcepcion.cl\/sitio\/wp-json\/wp\/v2\/pages\/6141\/revisions\/6145"}],"wp:attachment":[{"href":"http:\/\/sanignacioconcepcion.cl\/sitio\/wp-json\/wp\/v2\/media?parent=6141"}],"curies":[{"name":"wp","href":"https:\/\/api.w.org\/{rel}","templated":true}]}}

<p>[vc_row thb_full_width=»true» thb_row_padding=»true» thb_column_padding=»true» css=».vc_custom_1570111890857{background-image: url(http://sanignacioconcepcion.cl/sitio/wp-content/uploads/2019/10/banner-superior01.jpg?id=134) !important;background-position: center !important;background-repeat: no-repeat !important;background-size: cover !important;}» el_class=»banner-superior»][vc_column][/vc_column][/vc_row][vc_row el_class=»contenedor-titulo-pagina align-center»][vc_column width=»11/12&#8243;][vc_column_text]</p>
<h2>Centro de Recursos para el Aprendizaje (CRA)</h2>
<p>[/vc_column_text][/vc_column][/vc_row][vc_row el_class=»align-center»][vc_column width=»11/12&#8243; el_class=»contenedor-paginas-interiores»][vc_row_inner][vc_column_inner el_class=»menu-lateral» width=»1/4&#8243;][/vc_column_inner][vc_column_inner el_class=»contenedor-personal» width=»3/4&#8243;][vc_column_text]<img loading="lazy" class="aligncenter wp-image-6132 size-large" src="http://sanignacioconcepcion.cl/sitio/wp-content/uploads/2023/04/biblioteca-banner-1024x188.jpg" alt="" width="1024" height="188" srcset="http://sanignacioconcepcion.cl/sitio/wp-content/uploads/2023/04/biblioteca-banner-1024x188.jpg 1024w, http://sanignacioconcepcion.cl/sitio/wp-content/uploads/2023/04/biblioteca-banner-768x141.jpg 768w, http://sanignacioconcepcion.cl/sitio/wp-content/uploads/2023/04/biblioteca-banner-600x110.jpg 600w, http://sanignacioconcepcion.cl/sitio/wp-content/uploads/2023/04/biblioteca-banner.jpg 1396w" sizes="(max-width: 1024px) 100vw, 1024px" /></p>
<p>Te damos la bienvenida a la biblioteca CRA del Colegio San Ignacio de Concepción, éste es un espacio abierto a toda la comunidad ignaciana. En concordancia con nuestro PEI, estamos comprometidos con una formación ignaciana que promueva la excelencia académica, espiritual, valórica y humana. Por esto, la biblioteca CRA no es solo un lugar donde se guardan textos, sino un espacio creativo de encuentro y aprendizaje para toda nuestra comunidad escolar. Acá encontrarás una colección aproximada de 8.000 libros de diversos temas que puedes solicitar en el mesón de préstamo.</p>
<p>La biblioteca CRA, en conjunto con los distintos departamentos de asignatura del colegio, coordina y organiza actividades académicas y culturales que fomentan el interés por el conocimiento, la lectura, la investigación y la alfabetización informacional.</p>
<p>Puedes visitar la biblioteca en los siguientes horarios:</p>
<p>–&nbsp;&nbsp;&nbsp;&nbsp;&nbsp;&nbsp;&nbsp;&nbsp;&nbsp; Lunes a jueves: 8:00 – 18:00 hrs.</p>
<p>–&nbsp;&nbsp;&nbsp;&nbsp;&nbsp;&nbsp;&nbsp;&nbsp;&nbsp; Viernes: 8:00 -15:30 hrs.</p>
<p>¡Te esperamos!</p>
<p>Contacto: <strong>&#x62;&#x69;&#x62;&#x6c;&#x69;&#x6f;&#x74;&#x65;&#x63;&#x61;&#x40;&#x63;&#x6f;&#x6c;&#x65;&#x67;&#x69;&#x6f;&#x73;&#x69;&#x63;&#x2e;&#x63;&#x6c;</strong></p>
<ul>
<li><strong>Recursos para nuestros/as estudiantes:</strong></li>
</ul>
<p><a href="https://bdescolar.mineduc.cl/?locale=es"><img loading="lazy" class="alignleft wp-image-6816" src="http://sanignacioconcepcion.cl/sitio/wp-content/uploads/2023/08/Captura-de-Pantalla-2023-08-10-a-las-16.09.58.png" alt="" width="208" height="100" srcset="http://sanignacioconcepcion.cl/sitio/wp-content/uploads/2023/08/Captura-de-Pantalla-2023-08-10-a-las-16.09.58.png 1815w, http://sanignacioconcepcion.cl/sitio/wp-content/uploads/2023/08/Captura-de-Pantalla-2023-08-10-a-las-16.09.58-1024x493.png 1024w, http://sanignacioconcepcion.cl/sitio/wp-content/uploads/2023/08/Captura-de-Pantalla-2023-08-10-a-las-16.09.58-768x370.png 768w, http://sanignacioconcepcion.cl/sitio/wp-content/uploads/2023/08/Captura-de-Pantalla-2023-08-10-a-las-16.09.58-1536x740.png 1536w, http://sanignacioconcepcion.cl/sitio/wp-content/uploads/2023/08/Captura-de-Pantalla-2023-08-10-a-las-16.09.58-600x289.png 600w" sizes="(max-width: 208px) 100vw, 208px" /></a>Te invitamos a visitar la <strong>Biblioteca escolar digital que promueve el MINEDUC:</strong> <a href="https://bdescolar.mineduc.cl/?locale=es">https://bdescolar.mineduc.cl/?locale=es</a></p>
<p>&nbsp;</p>
<p>&nbsp;</p>
<p><a href="https://www.alibrate.com/libros-dominio-publico"><img loading="lazy" class="alignleft wp-image-6815" src="http://sanignacioconcepcion.cl/sitio/wp-content/uploads/2023/08/Captura-de-Pantalla-2023-08-10-a-las-16.10.13.png" alt="" width="211" height="124" srcset="http://sanignacioconcepcion.cl/sitio/wp-content/uploads/2023/08/Captura-de-Pantalla-2023-08-10-a-las-16.10.13.png 1381w, http://sanignacioconcepcion.cl/sitio/wp-content/uploads/2023/08/Captura-de-Pantalla-2023-08-10-a-las-16.10.13-1024x605.png 1024w, http://sanignacioconcepcion.cl/sitio/wp-content/uploads/2023/08/Captura-de-Pantalla-2023-08-10-a-las-16.10.13-768x454.png 768w, http://sanignacioconcepcion.cl/sitio/wp-content/uploads/2023/08/Captura-de-Pantalla-2023-08-10-a-las-16.10.13-600x355.png 600w" sizes="(max-width: 211px) 100vw, 211px" /></a>En <strong>ALIBRATE</strong> podrás encontrar libros de dominio público, para ello debes registrarte y de esta manera acceder a miles de libros, escribir reseñas, crear tu biblioteca virtual y más: <a href="https://www.alibrate.com/libros-dominio-publico">https://www.alibrate.com/libros-dominio-publico</a></p>
<p>&nbsp;[/vc_column_text][vc_column_text][/vc_column_text][/vc_column_inner][/vc_row_inner][/vc_column][/vc_row][vc_row][vc_column][vc_empty_space height=»100px»][/vc_column][/vc_row]</p>

<p>[vc_row thb_full_width=»true» thb_row_padding=»true» thb_column_padding=»true» css=».vc_custom_1570111890857{background-image: url(http://sanignacioconcepcion.cl/sitio/wp-content/uploads/2019/10/banner-superior01.jpg?id=134) !important;background-position: center !important;background-repeat: no-repeat !important;background-size: cover !important;}» el_class=»banner-superior»][vc_column][/vc_column][/vc_row][vc_row el_class=»contenedor-titulo-pagina align-center»][vc_column width=»11/12&#8243;][vc_column_text] Centro de Recursos para el Aprendizaje (CRA) [/vc_column_text][/vc_column][/vc_row][vc_row el_class=»align-center»][vc_column width=»11/12&#8243; el_class=»contenedor-paginas-interiores»][vc_row_inner][vc_column_inner el_class=»menu-lateral» width=»1/4&#8243;][/vc_column_inner][vc_column_inner el_class=»contenedor-personal» width=»3/4&#8243;][vc_column_text] Te damos la bienvenida a la biblioteca CRA del Colegio San Ignacio de Concepción, éste es un espacio abierto a toda la comunidad&hellip;</p>
