{"id":786,"date":"2019-10-11T18:58:45","date_gmt":"2019-10-11T18:58:45","guid":{"rendered":"http:\/\/movilia.cl\/sanignacio\/?page_id=786"},"modified":"2021-04-01T13:22:13","modified_gmt":"2021-04-01T13:22:13","slug":"circular-no1-convivencia-escolar","status":"publish","type":"page","link":"http:\/\/sanignacioconcepcion.cl\/sitio\/convivencia-escolar\/circular-no1-convivencia-escolar\/","title":{"rendered":"Uso de balones al interior del edificio"},"content":{"rendered":"<p>[vc_row thb_full_width=\u00bbtrue\u00bb thb_row_padding=\u00bbtrue\u00bb thb_column_padding=\u00bbtrue\u00bb css=\u00bb.vc_custom_1570111890857{background-image: url(http:\/\/sanignacioconcepcion.cl\/sitio\/wp-content\/uploads\/2019\/10\/banner-superior01.jpg?id=134) !important;background-position: center !important;background-repeat: no-repeat !important;background-size: cover !important;}\u00bb el_class=\u00bbbanner-superior\u00bb][vc_column][\/vc_column][\/vc_row][vc_row el_class=\u00bbcontenedor-titulo-pagina align-center\u00bb][vc_column width=\u00bb11\/12&#8243;][vc_column_text]<\/p>\n<h2>Uso de balones al interior del edificio<\/h2>\n<p>[\/vc_column_text][\/vc_column][\/vc_row][vc_row el_class=\u00bbbreadcrumbs-contenedor align-center\u00bb][vc_column][vc_widget_sidebar sidebar_id=\u00bbfooter6&#8243;][\/vc_column][\/vc_row][vc_row el_class=\u00bbalign-center\u00bb][vc_column width=\u00bb3\/4&#8243; el_class=\u00bbcontenedor-paginas-interiores\u00bb][vc_column_text]Estimados miembros de la comunidad educativa. Durante la presente semana, la profesora Carmen Gloria Garrido, sufri\u00f3 un golpe en su cabeza con un bal\u00f3n de f\u00fatbol. Este hecho, que fue fortuito, tuvo consecuencias para la docente que debi\u00f3 asistir a m\u00e9dico y realizarse los respectivos ex\u00e1menes.<\/p>\n<p>El prop\u00f3sito de esta comunicaci\u00f3n es invitarlos a contribuir en el cumplimiento de los acuerdos, porque no respetar las normas b\u00e1sicas de convivencia pueden traer serias consecuencias.<\/p>\n<p>Se ha reiterado en diversas ocasiones que est\u00e1 prohibido el uso de balones al interior del edificio. Hoy queda demostrado que no es solo un discurso vac\u00edo, sino que los fundamentos se sostienen en lo antes expuesto.<\/p>\n<p>Debemos realizar un esfuerzo conjunto para que se respeten las normas de sana convivencia, el uso adecuado de los espacios comunes y tambi\u00e9n una actitud coherente con el esp\u00edritu ignaciano que nos mueve, pues esperamos que los primeros actores en la promoci\u00f3n de un modo de proceder respetuoso y emp\u00e1tico sean aquellos a quienes estamos formando.<\/p>\n<p>Atentamente,<br \/>\nJos\u00e9 Mora<br \/>\nEncargado de Convivencia Escolar[\/vc_column_text][\/vc_column][\/vc_row][vc_row][vc_column][vc_empty_space height=\u00bb100px\u00bb][\/vc_column][\/vc_row]<\/p>\n","protected":false},"excerpt":{"rendered":"<p>[vc_row thb_full_width=\u00bbtrue\u00bb thb_row_padding=\u00bbtrue\u00bb thb_column_padding=\u00bbtrue\u00bb css=\u00bb.vc_custom_1570111890857{background-image: url(http:\/\/sanignacioconcepcion.cl\/sitio\/wp-content\/uploads\/2019\/10\/banner-superior01.jpg?id=134) !important;background-position: center !important;background-repeat: no-repeat !important;background-size: cover !important;}\u00bb el_class=\u00bbbanner-superior\u00bb][vc_column][\/vc_column][\/vc_row][vc_row el_class=\u00bbcontenedor-titulo-pagina align-center\u00bb][vc_column width=\u00bb11\/12&#8243;][vc_column_text] Uso de balones al interior del edificio [\/vc_column_text][\/vc_column][\/vc_row][vc_row el_class=\u00bbbreadcrumbs-contenedor align-center\u00bb][vc_column][vc_widget_sidebar sidebar_id=\u00bbfooter6&#8243;][\/vc_column][\/vc_row][vc_row el_class=\u00bbalign-center\u00bb][vc_column width=\u00bb3\/4&#8243; el_class=\u00bbcontenedor-paginas-interiores\u00bb][vc_column_text]Estimados miembros de la comunidad educativa. Durante la presente semana, la profesora Carmen Gloria Garrido, sufri\u00f3 un golpe en su cabeza con un bal\u00f3n de&hellip;<\/p>\n","protected":false},"author":1,"featured_media":0,"parent":765,"menu_order":0,"comment_status":"closed","ping_status":"closed","template":"","meta":[],"_links":{"self":[{"href":"http:\/\/sanignacioconcepcion.cl\/sitio\/wp-json\/wp\/v2\/pages\/786"}],"collection":[{"href":"http:\/\/sanignacioconcepcion.cl\/sitio\/wp-json\/wp\/v2\/pages"}],"about":[{"href":"http:\/\/sanignacioconcepcion.cl\/sitio\/wp-json\/wp\/v2\/types\/page"}],"author":[{"embeddable":true,"href":"http:\/\/sanignacioconcepcion.cl\/sitio\/wp-json\/wp\/v2\/users\/1"}],"replies":[{"embeddable":true,"href":"http:\/\/sanignacioconcepcion.cl\/sitio\/wp-json\/wp\/v2\/comments?post=786"}],"version-history":[{"count":4,"href":"http:\/\/sanignacioconcepcion.cl\/sitio\/wp-json\/wp\/v2\/pages\/786\/revisions"}],"predecessor-version":[{"id":1735,"href":"http:\/\/sanignacioconcepcion.cl\/sitio\/wp-json\/wp\/v2\/pages\/786\/revisions\/1735"}],"up":[{"embeddable":true,"href":"http:\/\/sanignacioconcepcion.cl\/sitio\/wp-json\/wp\/v2\/pages\/765"}],"wp:attachment":[{"href":"http:\/\/sanignacioconcepcion.cl\/sitio\/wp-json\/wp\/v2\/media?parent=786"}],"curies":[{"name":"wp","href":"https:\/\/api.w.org\/{rel}","templated":true}]}}