{"id":8875,"date":"2024-10-15T15:15:36","date_gmt":"2024-10-15T18:15:36","guid":{"rendered":"https:\/\/sanignacioconcepcion.cl\/sitio\/?page_id=8875"},"modified":"2025-03-05T09:35:40","modified_gmt":"2025-03-05T12:35:40","slug":"cicloloyola","status":"publish","type":"page","link":"http:\/\/sanignacioconcepcion.cl\/sitio\/cicloloyola\/","title":{"rendered":"Ciclo Loyola"},"content":{"rendered":"<p>[vc_row thb_full_width=\u00bbtrue\u00bb thb_row_padding=\u00bbtrue\u00bb thb_column_padding=\u00bbtrue\u00bb css=\u00bb.vc_custom_1570111890857{background-image: url(http:\/\/sanignacioconcepcion.cl\/sitio\/wp-content\/uploads\/2019\/10\/banner-superior01.jpg?id=134) !important;background-position: center !important;background-repeat: no-repeat !important;background-size: cover !important;}\u00bb el_class=\u00bbbanner-superior\u00bb][vc_column][\/vc_column][\/vc_row][vc_row el_class=\u00bbcontenedor-titulo-pagina align-center\u00bb][vc_column width=\u00bb11\/12&#8243;][vc_column_text]<\/p>\n<h2>Ciclo Loyola<\/h2>\n<p>[\/vc_column_text][\/vc_column][\/vc_row][vc_row el_class=\u00bbalign-center\u00bb][vc_column width=\u00bb11\/12&#8243; el_class=\u00bbcontenedor-paginas-interiores\u00bb][vc_row_inner][vc_column_inner el_class=\u00bbmenu-lateral\u00bb width=\u00bb1\/4&#8243;][vc_wp_custommenu nav_menu=\u00bb33&#8243;][\/vc_column_inner][vc_column_inner el_class=\u00bbcontenedor-personal\u00bb width=\u00bb3\/4&#8243;][vc_single_image image=\u00bb9455&#8243; img_size=\u00bblarge\u00bb][vc_column_text]<\/p>\n<h2>Ciclo Loyola &#8211; Pre Kinder a 2do b\u00e1sico<\/h2>\n<p>[\/vc_column_text][vc_column_text]<img loading=\"lazy\" class=\"alignnone wp-image-9061 size-full\" src=\"http:\/\/sanignacioconcepcion.cl\/sitio\/wp-content\/uploads\/2024\/10\/loyolaweb-1.jpg\" alt=\"\" width=\"1460\" height=\"409\" srcset=\"http:\/\/sanignacioconcepcion.cl\/sitio\/wp-content\/uploads\/2024\/10\/loyolaweb-1.jpg 1460w, http:\/\/sanignacioconcepcion.cl\/sitio\/wp-content\/uploads\/2024\/10\/loyolaweb-1-1024x287.jpg 1024w, http:\/\/sanignacioconcepcion.cl\/sitio\/wp-content\/uploads\/2024\/10\/loyolaweb-1-768x215.jpg 768w, http:\/\/sanignacioconcepcion.cl\/sitio\/wp-content\/uploads\/2024\/10\/loyolaweb-1-600x168.jpg 600w\" sizes=\"(max-width: 1460px) 100vw, 1460px\" \/><\/p>\n<p>El <strong>Ciclo Loyola es el inicio de su etapa escolar y\u00a0<\/strong> est\u00e1 conformado por un equipo de profesionales altamente capacitados, dedicados a ofrecer una educaci\u00f3n integral para todos los estudiantes.<\/p>\n<p>Este ciclo funciona en modalidad de <strong>Jornada Escolar Completa:<\/strong><\/p>\n<ul>\n<li>desde las 8:00 hasta las 15:30 en educaci\u00f3n parvularia, a excepci\u00f3n de los d\u00edas viernes cuya jornada es de 8:00 a 13:20 horas<\/li>\n<li>de 8:00 a 15:35 horas de 1\u00b0 a 2\u00b0 b\u00e1sico, a excepci\u00f3n de los d\u00edas viernes cuya jornada es de 8:00 a 13:20 horas<\/li>\n<\/ul>\n<p>Brindando a los estudiantes un ambiente organizado y propicio para su desarrollo acad\u00e9mico y personal.<\/p>\n<p>Adem\u00e1s, incluye un espacio para el <strong>almuerzo de 12:35 a 13:20 horas<\/strong>, donde los estudiantes disfrutan de una alimentaci\u00f3n balanceada, fundamental para su bienestar.<\/p>\n<p>En el Ciclo Loyola, se promueve de manera activa:<\/p>\n<ul>\n<li>La <strong>autonom\u00eda<\/strong> de los estudiantes, prepar\u00e1ndolos para enfrentar los desaf\u00edos de su proceso educativo con responsabilidad e independencia.<\/li>\n<li>El enfoque pedag\u00f3gico est\u00e1 centrado en el <strong>desarrollo de competencias<\/strong> clave para el aprendizaje, con especial \u00e9nfasis en el proceso de <strong>lecto-escritura<\/strong>, dotando a los alumnos de las herramientas necesarias para un aprendizaje profundo y significativo.<\/li>\n<\/ul>\n<p><strong>Educadores Ciclo Loyola<\/strong><\/p>\n<p><img loading=\"lazy\" class=\"alignnone wp-image-9062 size-full\" src=\"http:\/\/sanignacioconcepcion.cl\/sitio\/wp-content\/uploads\/2024\/10\/CICLO-LOYOLA-scaled.jpg\" alt=\"\" width=\"2560\" height=\"1383\" srcset=\"http:\/\/sanignacioconcepcion.cl\/sitio\/wp-content\/uploads\/2024\/10\/CICLO-LOYOLA-scaled.jpg 2560w, http:\/\/sanignacioconcepcion.cl\/sitio\/wp-content\/uploads\/2024\/10\/CICLO-LOYOLA-1024x553.jpg 1024w, http:\/\/sanignacioconcepcion.cl\/sitio\/wp-content\/uploads\/2024\/10\/CICLO-LOYOLA-768x415.jpg 768w, http:\/\/sanignacioconcepcion.cl\/sitio\/wp-content\/uploads\/2024\/10\/CICLO-LOYOLA-1536x830.jpg 1536w, http:\/\/sanignacioconcepcion.cl\/sitio\/wp-content\/uploads\/2024\/10\/CICLO-LOYOLA-2048x1106.jpg 2048w, http:\/\/sanignacioconcepcion.cl\/sitio\/wp-content\/uploads\/2024\/10\/CICLO-LOYOLA-600x324.jpg 600w\" sizes=\"(max-width: 2560px) 100vw, 2560px\" \/>[\/vc_column_text][\/vc_column_inner][\/vc_row_inner][\/vc_column][\/vc_row][vc_row][vc_column][vc_empty_space height=\u00bb100px\u00bb][\/vc_column][\/vc_row]<\/p>\n","protected":false},"excerpt":{"rendered":"<p>[vc_row thb_full_width=\u00bbtrue\u00bb thb_row_padding=\u00bbtrue\u00bb thb_column_padding=\u00bbtrue\u00bb css=\u00bb.vc_custom_1570111890857{background-image: url(http:\/\/sanignacioconcepcion.cl\/sitio\/wp-content\/uploads\/2019\/10\/banner-superior01.jpg?id=134) !important;background-position: center !important;background-repeat: no-repeat !important;background-size: cover !important;}\u00bb el_class=\u00bbbanner-superior\u00bb][vc_column][\/vc_column][\/vc_row][vc_row el_class=\u00bbcontenedor-titulo-pagina align-center\u00bb][vc_column width=\u00bb11\/12&#8243;][vc_column_text] Ciclo Loyola [\/vc_column_text][\/vc_column][\/vc_row][vc_row el_class=\u00bbalign-center\u00bb][vc_column width=\u00bb11\/12&#8243; el_class=\u00bbcontenedor-paginas-interiores\u00bb][vc_row_inner][vc_column_inner el_class=\u00bbmenu-lateral\u00bb width=\u00bb1\/4&#8243;][vc_wp_custommenu nav_menu=\u00bb33&#8243;][\/vc_column_inner][vc_column_inner el_class=\u00bbcontenedor-personal\u00bb width=\u00bb3\/4&#8243;][vc_single_image image=\u00bb9455&#8243; img_size=\u00bblarge\u00bb][vc_column_text] Ciclo Loyola &#8211; Pre Kinder a 2do b\u00e1sico [\/vc_column_text][vc_column_text] El Ciclo Loyola es el inicio de su etapa escolar y\u00a0 est\u00e1 conformado por un equipo&hellip;<\/p>\n","protected":false},"author":1,"featured_media":0,"parent":0,"menu_order":0,"comment_status":"closed","ping_status":"closed","template":"","meta":[],"_links":{"self":[{"href":"http:\/\/sanignacioconcepcion.cl\/sitio\/wp-json\/wp\/v2\/pages\/8875"}],"collection":[{"href":"http:\/\/sanignacioconcepcion.cl\/sitio\/wp-json\/wp\/v2\/pages"}],"about":[{"href":"http:\/\/sanignacioconcepcion.cl\/sitio\/wp-json\/wp\/v2\/types\/page"}],"author":[{"embeddable":true,"href":"http:\/\/sanignacioconcepcion.cl\/sitio\/wp-json\/wp\/v2\/users\/1"}],"replies":[{"embeddable":true,"href":"http:\/\/sanignacioconcepcion.cl\/sitio\/wp-json\/wp\/v2\/comments?post=8875"}],"version-history":[{"count":11,"href":"http:\/\/sanignacioconcepcion.cl\/sitio\/wp-json\/wp\/v2\/pages\/8875\/revisions"}],"predecessor-version":[{"id":9528,"href":"http:\/\/sanignacioconcepcion.cl\/sitio\/wp-json\/wp\/v2\/pages\/8875\/revisions\/9528"}],"wp:attachment":[{"href":"http:\/\/sanignacioconcepcion.cl\/sitio\/wp-json\/wp\/v2\/media?parent=8875"}],"curies":[{"name":"wp","href":"https:\/\/api.w.org\/{rel}","templated":true}]}}

<p>[vc_row thb_full_width=»true» thb_row_padding=»true» thb_column_padding=»true» css=».vc_custom_1570111890857{background-image: url(http://sanignacioconcepcion.cl/sitio/wp-content/uploads/2019/10/banner-superior01.jpg?id=134) !important;background-position: center !important;background-repeat: no-repeat !important;background-size: cover !important;}» el_class=»banner-superior»][vc_column][/vc_column][/vc_row][vc_row el_class=»contenedor-titulo-pagina align-center»][vc_column width=»11/12&#8243;][vc_column_text]</p>
<h2>Ciclo Loyola</h2>
<p>[/vc_column_text][/vc_column][/vc_row][vc_row el_class=»align-center»][vc_column width=»11/12&#8243; el_class=»contenedor-paginas-interiores»][vc_row_inner][vc_column_inner el_class=»menu-lateral» width=»1/4&#8243;][vc_wp_custommenu nav_menu=»33&#8243;][/vc_column_inner][vc_column_inner el_class=»contenedor-personal» width=»3/4&#8243;][vc_single_image image=»9455&#8243; img_size=»large»][vc_column_text]</p>
<h2>Ciclo Loyola &#8211; Pre Kinder a 2do básico</h2>
<p>[/vc_column_text][vc_column_text]<img loading="lazy" class="alignnone wp-image-9061 size-full" src="http://sanignacioconcepcion.cl/sitio/wp-content/uploads/2024/10/loyolaweb-1.jpg" alt="" width="1460" height="409" srcset="http://sanignacioconcepcion.cl/sitio/wp-content/uploads/2024/10/loyolaweb-1.jpg 1460w, http://sanignacioconcepcion.cl/sitio/wp-content/uploads/2024/10/loyolaweb-1-1024x287.jpg 1024w, http://sanignacioconcepcion.cl/sitio/wp-content/uploads/2024/10/loyolaweb-1-768x215.jpg 768w, http://sanignacioconcepcion.cl/sitio/wp-content/uploads/2024/10/loyolaweb-1-600x168.jpg 600w" sizes="(max-width: 1460px) 100vw, 1460px" /></p>
<p>El <strong>Ciclo Loyola es el inicio de su etapa escolar y </strong> está conformado por un equipo de profesionales altamente capacitados, dedicados a ofrecer una educación integral para todos los estudiantes.</p>
<p>Este ciclo funciona en modalidad de <strong>Jornada Escolar Completa:</strong></p>
<ul>
<li>desde las 8:00 hasta las 15:30 en educación parvularia, a excepción de los días viernes cuya jornada es de 8:00 a 13:20 horas</li>
<li>de 8:00 a 15:35 horas de 1° a 2° básico, a excepción de los días viernes cuya jornada es de 8:00 a 13:20 horas</li>
</ul>
<p>Brindando a los estudiantes un ambiente organizado y propicio para su desarrollo académico y personal.</p>
<p>Además, incluye un espacio para el <strong>almuerzo de 12:35 a 13:20 horas</strong>, donde los estudiantes disfrutan de una alimentación balanceada, fundamental para su bienestar.</p>
<p>En el Ciclo Loyola, se promueve de manera activa:</p>
<ul>
<li>La <strong>autonomía</strong> de los estudiantes, preparándolos para enfrentar los desafíos de su proceso educativo con responsabilidad e independencia.</li>
<li>El enfoque pedagógico está centrado en el <strong>desarrollo de competencias</strong> clave para el aprendizaje, con especial énfasis en el proceso de <strong>lecto-escritura</strong>, dotando a los alumnos de las herramientas necesarias para un aprendizaje profundo y significativo.</li>
</ul>
<p><strong>Educadores Ciclo Loyola</strong></p>
<p><img loading="lazy" class="alignnone wp-image-9062 size-full" src="http://sanignacioconcepcion.cl/sitio/wp-content/uploads/2024/10/CICLO-LOYOLA-scaled.jpg" alt="" width="2560" height="1383" srcset="http://sanignacioconcepcion.cl/sitio/wp-content/uploads/2024/10/CICLO-LOYOLA-scaled.jpg 2560w, http://sanignacioconcepcion.cl/sitio/wp-content/uploads/2024/10/CICLO-LOYOLA-1024x553.jpg 1024w, http://sanignacioconcepcion.cl/sitio/wp-content/uploads/2024/10/CICLO-LOYOLA-768x415.jpg 768w, http://sanignacioconcepcion.cl/sitio/wp-content/uploads/2024/10/CICLO-LOYOLA-1536x830.jpg 1536w, http://sanignacioconcepcion.cl/sitio/wp-content/uploads/2024/10/CICLO-LOYOLA-2048x1106.jpg 2048w, http://sanignacioconcepcion.cl/sitio/wp-content/uploads/2024/10/CICLO-LOYOLA-600x324.jpg 600w" sizes="(max-width: 2560px) 100vw, 2560px" />[/vc_column_text][/vc_column_inner][/vc_row_inner][/vc_column][/vc_row][vc_row][vc_column][vc_empty_space height=»100px»][/vc_column][/vc_row]</p>

<p>[vc_row thb_full_width=»true» thb_row_padding=»true» thb_column_padding=»true» css=».vc_custom_1570111890857{background-image: url(http://sanignacioconcepcion.cl/sitio/wp-content/uploads/2019/10/banner-superior01.jpg?id=134) !important;background-position: center !important;background-repeat: no-repeat !important;background-size: cover !important;}» el_class=»banner-superior»][vc_column][/vc_column][/vc_row][vc_row el_class=»contenedor-titulo-pagina align-center»][vc_column width=»11/12&#8243;][vc_column_text] Ciclo Loyola [/vc_column_text][/vc_column][/vc_row][vc_row el_class=»align-center»][vc_column width=»11/12&#8243; el_class=»contenedor-paginas-interiores»][vc_row_inner][vc_column_inner el_class=»menu-lateral» width=»1/4&#8243;][vc_wp_custommenu nav_menu=»33&#8243;][/vc_column_inner][vc_column_inner el_class=»contenedor-personal» width=»3/4&#8243;][vc_single_image image=»9455&#8243; img_size=»large»][vc_column_text] Ciclo Loyola &#8211; Pre Kinder a 2do básico [/vc_column_text][vc_column_text] El Ciclo Loyola es el inicio de su etapa escolar y  está conformado por un equipo&hellip;</p>
