{"id":935,"date":"2019-10-15T16:12:55","date_gmt":"2019-10-15T16:12:55","guid":{"rendered":"http:\/\/movilia.cl\/sanignacio\/?page_id=935"},"modified":"2023-08-28T13:28:03","modified_gmt":"2023-08-28T13:28:03","slug":"movimiento-eucaristico-juvenil-mej","status":"publish","type":"page","link":"http:\/\/sanignacioconcepcion.cl\/sitio\/direccion-de-formacion-pastoral\/movimiento-eucaristico-juvenil-mej\/","title":{"rendered":"Movimiento Eucar\u00edstico Juvenil MEJ"},"content":{"rendered":"<p>[vc_row thb_full_width=\u00bbtrue\u00bb thb_row_padding=\u00bbtrue\u00bb thb_column_padding=\u00bbtrue\u00bb css=\u00bb.vc_custom_1570111890857{background-image: url(http:\/\/sanignacioconcepcion.cl\/sitio\/wp-content\/uploads\/2019\/10\/banner-superior01.jpg?id=134) !important;background-position: center !important;background-repeat: no-repeat !important;background-size: cover !important;}\u00bb el_class=\u00bbbanner-superior\u00bb][vc_column][\/vc_column][\/vc_row][vc_row el_class=\u00bbcontenedor-titulo-pagina align-center\u00bb][vc_column width=\u00bb11\/12&#8243;][vc_column_text]<\/p>\n<h2>Movimiento Eucar\u00edstico Juvenil MEJ<\/h2>\n<p>[\/vc_column_text][\/vc_column][\/vc_row][vc_row el_class=\u00bbbreadcrumbs-contenedor align-center\u00bb][vc_column][vc_widget_sidebar sidebar_id=\u00bbfooter6&#8243;][\/vc_column][\/vc_row][vc_row el_class=\u00bbalign-center\u00bb][vc_column width=\u00bb3\/4&#8243; el_class=\u00bbcontenedor-paginas-interiores\u00bb][vc_column_text]<img loading=\"lazy\" class=\"aligncenter wp-image-6871\" src=\"http:\/\/sanignacioconcepcion.cl\/sitio\/wp-content\/uploads\/2023\/08\/image_6483441.jpg\" alt=\"\" width=\"1031\" height=\"582\" srcset=\"http:\/\/sanignacioconcepcion.cl\/sitio\/wp-content\/uploads\/2023\/08\/image_6483441.jpg 1205w, http:\/\/sanignacioconcepcion.cl\/sitio\/wp-content\/uploads\/2023\/08\/image_6483441-1024x578.jpg 1024w, http:\/\/sanignacioconcepcion.cl\/sitio\/wp-content\/uploads\/2023\/08\/image_6483441-768x433.jpg 768w, http:\/\/sanignacioconcepcion.cl\/sitio\/wp-content\/uploads\/2023\/08\/image_6483441-600x339.jpg 600w\" sizes=\"(max-width: 1031px) 100vw, 1031px\" \/>[\/vc_column_text][vc_column_text]Somos ni\u00f1os, ni\u00f1as y j\u00f3venes que se unen a Jes\u00fas, especialmente a trav\u00e9s de la Eucarist\u00eda, en la lucha por la dignidad humana y la colaboraci\u00f3n de todos como hijos de Dios.<br \/>\nLlevamos 100 a\u00f1os a nivel mundial y con m\u00e1s de 30 a\u00f1os trabajando dentro del Colegio San Ignacio, actualmente con ni\u00f1os desde 1\u00b0 b\u00e1sico hasta 4\u00b0 medio y ex-alumnos.<\/p>\n<p>Buscamos impregnar en cada generaci\u00f3n la huella del Estilo de Jes\u00fas, esa que entiende de amor, amistad, respeto, solidaridad, esa que entrega la vida por el hermano que sufre y bajo el sello ignaciano, buscamos que cada uno de nuestros ni\u00f1os sea formado para salir a servir.<\/p>\n<p>Nos reunimos y trabajamos todos los s\u00e1bados en el colegio. Tenemos campamentos, actividades con la familia, visitas solidarias, entre otras.<\/p>\n<p>La Coordinadora adulta es Karina Lagos.<\/p>\n<p>Las Coordinadoras juveniles son; Antonia Cartagena y Francisca Tapia.<\/p>\n<p>Asesora: Srta. Escarlett Jelves.<\/p>\n<p>Tenemos un equipo de aproximadamente 20 monitores entre alumnos de ense\u00f1anza media y ex-alumnos.<\/p>\n<blockquote><p>\u201cLa misi\u00f3n m\u00e1s grande es formar hombres y mujeres por y para los dem\u00e1s, aprendiendo que la Iglesia la construimos todos\u201d<\/p><\/blockquote>\n<p>[\/vc_column_text][vc_column_text]<strong>Correo:&nbsp;<\/strong> <a href=\"m&#97;&#x69;&#x6c;t&#111;&#58;&#x6d;&#x65;j&#64;&#x63;&#x6f;l&#101;&#103;&#x69;&#x6f;s&#105;&#x63;&#x2e;c&#108;\" target=\"_top\" rel=\"noopener\">&#x6d;&#101;j&#x40;&#x63;&#111;l&#x65;&#x67;&#105;o&#x73;&#x69;&#99;&#46;&#x63;&#x6c;<\/a><\/p>\n<p><strong>Facebook:&nbsp;<\/strong> <a href=\"https:\/\/www.facebook.com\/mejsanignacio.concepcion\">facebook.com\/mejsanignacio.concepcion<\/a>[\/vc_column_text][\/vc_column][\/vc_row][vc_row][vc_column][vc_empty_space height=\u00bb100px\u00bb][\/vc_column][\/vc_row]<\/p>\n","protected":false},"excerpt":{"rendered":"<p>[vc_row thb_full_width=\u00bbtrue\u00bb thb_row_padding=\u00bbtrue\u00bb thb_column_padding=\u00bbtrue\u00bb css=\u00bb.vc_custom_1570111890857{background-image: url(http:\/\/sanignacioconcepcion.cl\/sitio\/wp-content\/uploads\/2019\/10\/banner-superior01.jpg?id=134) !important;background-position: center !important;background-repeat: no-repeat !important;background-size: cover !important;}\u00bb el_class=\u00bbbanner-superior\u00bb][vc_column][\/vc_column][\/vc_row][vc_row el_class=\u00bbcontenedor-titulo-pagina align-center\u00bb][vc_column width=\u00bb11\/12&#8243;][vc_column_text] Movimiento Eucar\u00edstico Juvenil MEJ [\/vc_column_text][\/vc_column][\/vc_row][vc_row el_class=\u00bbbreadcrumbs-contenedor align-center\u00bb][vc_column][vc_widget_sidebar sidebar_id=\u00bbfooter6&#8243;][\/vc_column][\/vc_row][vc_row el_class=\u00bbalign-center\u00bb][vc_column width=\u00bb3\/4&#8243; el_class=\u00bbcontenedor-paginas-interiores\u00bb][vc_column_text][\/vc_column_text][vc_column_text]Somos ni\u00f1os, ni\u00f1as y j\u00f3venes que se unen a Jes\u00fas, especialmente a trav\u00e9s de la Eucarist\u00eda, en la lucha por la dignidad humana y la colaboraci\u00f3n de todos&hellip;<\/p>\n","protected":false},"author":1,"featured_media":0,"parent":862,"menu_order":0,"comment_status":"closed","ping_status":"closed","template":"","meta":[],"_links":{"self":[{"href":"http:\/\/sanignacioconcepcion.cl\/sitio\/wp-json\/wp\/v2\/pages\/935"}],"collection":[{"href":"http:\/\/sanignacioconcepcion.cl\/sitio\/wp-json\/wp\/v2\/pages"}],"about":[{"href":"http:\/\/sanignacioconcepcion.cl\/sitio\/wp-json\/wp\/v2\/types\/page"}],"author":[{"embeddable":true,"href":"http:\/\/sanignacioconcepcion.cl\/sitio\/wp-json\/wp\/v2\/users\/1"}],"replies":[{"embeddable":true,"href":"http:\/\/sanignacioconcepcion.cl\/sitio\/wp-json\/wp\/v2\/comments?post=935"}],"version-history":[{"count":9,"href":"http:\/\/sanignacioconcepcion.cl\/sitio\/wp-json\/wp\/v2\/pages\/935\/revisions"}],"predecessor-version":[{"id":6872,"href":"http:\/\/sanignacioconcepcion.cl\/sitio\/wp-json\/wp\/v2\/pages\/935\/revisions\/6872"}],"up":[{"embeddable":true,"href":"http:\/\/sanignacioconcepcion.cl\/sitio\/wp-json\/wp\/v2\/pages\/862"}],"wp:attachment":[{"href":"http:\/\/sanignacioconcepcion.cl\/sitio\/wp-json\/wp\/v2\/media?parent=935"}],"curies":[{"name":"wp","href":"https:\/\/api.w.org\/{rel}","templated":true}]}}

Movimiento Eucarístico Juvenil MEJ

<p>[vc_row thb_full_width=»true» thb_row_padding=»true» thb_column_padding=»true» css=».vc_custom_1570111890857{background-image: url(http://sanignacioconcepcion.cl/sitio/wp-content/uploads/2019/10/banner-superior01.jpg?id=134) !important;background-position: center !important;background-repeat: no-repeat !important;background-size: cover !important;}» el_class=»banner-superior»][vc_column][/vc_column][/vc_row][vc_row el_class=»contenedor-titulo-pagina align-center»][vc_column width=»11/12&#8243;][vc_column_text]</p>
<h2>Movimiento Eucarístico Juvenil MEJ</h2>
<p>[/vc_column_text][/vc_column][/vc_row][vc_row el_class=»breadcrumbs-contenedor align-center»][vc_column][vc_widget_sidebar sidebar_id=»footer6&#8243;][/vc_column][/vc_row][vc_row el_class=»align-center»][vc_column width=»3/4&#8243; el_class=»contenedor-paginas-interiores»][vc_column_text]<img loading="lazy" class="aligncenter wp-image-6871" src="http://sanignacioconcepcion.cl/sitio/wp-content/uploads/2023/08/image_6483441.jpg" alt="" width="1031" height="582" srcset="http://sanignacioconcepcion.cl/sitio/wp-content/uploads/2023/08/image_6483441.jpg 1205w, http://sanignacioconcepcion.cl/sitio/wp-content/uploads/2023/08/image_6483441-1024x578.jpg 1024w, http://sanignacioconcepcion.cl/sitio/wp-content/uploads/2023/08/image_6483441-768x433.jpg 768w, http://sanignacioconcepcion.cl/sitio/wp-content/uploads/2023/08/image_6483441-600x339.jpg 600w" sizes="(max-width: 1031px) 100vw, 1031px" />[/vc_column_text][vc_column_text]Somos niños, niñas y jóvenes que se unen a Jesús, especialmente a través de la Eucaristía, en la lucha por la dignidad humana y la colaboración de todos como hijos de Dios.<br />
Llevamos 100 años a nivel mundial y con más de 30 años trabajando dentro del Colegio San Ignacio, actualmente con niños desde 1° básico hasta 4° medio y ex-alumnos.</p>
<p>Buscamos impregnar en cada generación la huella del Estilo de Jesús, esa que entiende de amor, amistad, respeto, solidaridad, esa que entrega la vida por el hermano que sufre y bajo el sello ignaciano, buscamos que cada uno de nuestros niños sea formado para salir a servir.</p>
<p>Nos reunimos y trabajamos todos los sábados en el colegio. Tenemos campamentos, actividades con la familia, visitas solidarias, entre otras.</p>
<p>La Coordinadora adulta es Karina Lagos.</p>
<p>Las Coordinadoras juveniles son; Antonia Cartagena y Francisca Tapia.</p>
<p>Asesora: Srta. Escarlett Jelves.</p>
<p>Tenemos un equipo de aproximadamente 20 monitores entre alumnos de enseñanza media y ex-alumnos.</p>
<blockquote><p>“La misión más grande es formar hombres y mujeres por y para los demás, aprendiendo que la Iglesia la construimos todos”</p></blockquote>
<p>[/vc_column_text][vc_column_text]<strong>Correo:&nbsp;</strong> <a href="m&#97;&#x69;&#x6c;t&#111;&#58;&#x6d;&#x65;j&#64;&#x63;&#x6f;l&#101;&#103;&#x69;&#x6f;s&#105;&#x63;&#x2e;c&#108;" target="_top" rel="noopener">&#x6d;&#101;j&#x40;&#x63;&#111;l&#x65;&#x67;&#105;o&#x73;&#x69;&#99;&#46;&#x63;&#x6c;</a></p>
<p><strong>Facebook:&nbsp;</strong> <a href="https://www.facebook.com/mejsanignacio.concepcion">facebook.com/mejsanignacio.concepcion</a>[/vc_column_text][/vc_column][/vc_row][vc_row][vc_column][vc_empty_space height=»100px»][/vc_column][/vc_row]</p>

<p>[vc_row thb_full_width=»true» thb_row_padding=»true» thb_column_padding=»true» css=».vc_custom_1570111890857{background-image: url(http://sanignacioconcepcion.cl/sitio/wp-content/uploads/2019/10/banner-superior01.jpg?id=134) !important;background-position: center !important;background-repeat: no-repeat !important;background-size: cover !important;}» el_class=»banner-superior»][vc_column][/vc_column][/vc_row][vc_row el_class=»contenedor-titulo-pagina align-center»][vc_column width=»11/12&#8243;][vc_column_text] Movimiento Eucarístico Juvenil MEJ [/vc_column_text][/vc_column][/vc_row][vc_row el_class=»breadcrumbs-contenedor align-center»][vc_column][vc_widget_sidebar sidebar_id=»footer6&#8243;][/vc_column][/vc_row][vc_row el_class=»align-center»][vc_column width=»3/4&#8243; el_class=»contenedor-paginas-interiores»][vc_column_text][/vc_column_text][vc_column_text]Somos niños, niñas y jóvenes que se unen a Jesús, especialmente a través de la Eucaristía, en la lucha por la dignidad humana y la colaboración de todos&hellip;</p>
