{"id":945,"date":"2019-10-15T16:35:05","date_gmt":"2019-10-15T16:35:05","guid":{"rendered":"http:\/\/movilia.cl\/sanignacio\/?page_id=945"},"modified":"2023-09-05T10:32:38","modified_gmt":"2023-09-05T10:32:38","slug":"grupo-guia-scout-san-ignacio-de-loyola","status":"publish","type":"page","link":"http:\/\/sanignacioconcepcion.cl\/sitio\/direccion-de-formacion-pastoral\/grupo-guia-scout-san-ignacio-de-loyola\/","title":{"rendered":"Grupo Gu\u00eda Scout San Ignacio de Loyola"},"content":{"rendered":"<p>[vc_row thb_full_width=\u00bbtrue\u00bb thb_row_padding=\u00bbtrue\u00bb thb_column_padding=\u00bbtrue\u00bb css=\u00bb.vc_custom_1570111890857{background-image: url(http:\/\/sanignacioconcepcion.cl\/sitio\/wp-content\/uploads\/2019\/10\/banner-superior01.jpg?id=134) !important;background-position: center !important;background-repeat: no-repeat !important;background-size: cover !important;}\u00bb el_class=\u00bbbanner-superior\u00bb][vc_column][\/vc_column][\/vc_row][vc_row el_class=\u00bbcontenedor-titulo-pagina align-center\u00bb][vc_column width=\u00bb11\/12&#8243;][vc_column_text]<\/p>\n<h2>Grupo Gu\u00eda Scout San Ignacio de Loyola<\/h2>\n<p>[\/vc_column_text][\/vc_column][\/vc_row][vc_row el_class=\u00bbbreadcrumbs-contenedor align-center\u00bb][vc_column][vc_widget_sidebar sidebar_id=\u00bbfooter6&#8243;][\/vc_column][\/vc_row][vc_row el_class=\u00bbalign-center\u00bb][vc_column width=\u00bb3\/4&#8243; el_class=\u00bbcontenedor-paginas-interiores\u00bb][vc_column_text]<\/p>\n<h2>Historia del grupo Gu\u00eda y Scouts San Ignacio<\/h2>\n<p>[\/vc_column_text][vc_column_text]<img loading=\"lazy\" class=\"size-full wp-image-6909 alignleft\" src=\"http:\/\/sanignacioconcepcion.cl\/sitio\/wp-content\/uploads\/2023\/09\/1.jpeg\" alt=\"\" width=\"1600\" height=\"1059\" srcset=\"http:\/\/sanignacioconcepcion.cl\/sitio\/wp-content\/uploads\/2023\/09\/1.jpeg 1600w, http:\/\/sanignacioconcepcion.cl\/sitio\/wp-content\/uploads\/2023\/09\/1-1024x678.jpeg 1024w, http:\/\/sanignacioconcepcion.cl\/sitio\/wp-content\/uploads\/2023\/09\/1-768x508.jpeg 768w, http:\/\/sanignacioconcepcion.cl\/sitio\/wp-content\/uploads\/2023\/09\/1-1536x1017.jpeg 1536w, http:\/\/sanignacioconcepcion.cl\/sitio\/wp-content\/uploads\/2023\/09\/1-600x397.jpeg 600w\" sizes=\"(max-width: 1600px) 100vw, 1600px\" \/>[\/vc_column_text][vc_column_text]El grupo se fund\u00f3 el a\u00f1o 1943, pero la investidura oficial se llev\u00f3 a cabo el a\u00f1o 1944 en un desfile en el centro del Gran Concepci\u00f3n, con el nombre de \u201cBrigada de Exploradores de San Ignacio\u201d, ya que no contaba con el reconocimiento oficial de la asociaci\u00f3n de \u201cBoy Scouts\u201d, el cual se logra establecer en el a\u00f1o 1950, durante el Jamboree del aniversario de los 400 a\u00f1os de Concepci\u00f3n.<\/p>\n<p>El grupo recibe el nombre de \u201cBrigada de Boy Scouts de San Ignacio\u201d, siendo apadrinado por los Scouts Marinos de Talcahuano. (Pertenec\u00edan a la Base Naval y se llamaba \u201cBrigada Arturo Prat\u201d).<\/p>\n<p>Sus inicios fueron con la Tropa Scouts, que se organizaba en Centurias, las cuales se subdivid\u00eda en Decurias (10 Scouts). Se destacaba por su disciplina y organizaci\u00f3n paramilitar.<\/p>\n<p>El primer fundador fue el Reverendo Padre Manuel Fincheira Vega S.j. Director de la escuela San Ignacio de ese entonces. Qui\u00e9n adem\u00e1s era el capell\u00e1n de la instituci\u00f3n.<\/p>\n<p>El primer pa\u00f1ol\u00edn utilizado por nuestro grupo gu\u00eda scout, fue de color blanco, luego ser\u00eda reemplazado por uno de color verde con una franja blanca en su borde.<\/p>\n<p>A los pocos a\u00f1os, al ingresar a la Federaci\u00f3n de Scouts Cat\u00f3licos, se cambi\u00f3 por el actual pa\u00f1ol\u00edn, calipso y amarillo rey. El significado de este elemento es de gran relevancia Calipso, es el color del manto de la Virgen de F\u00e1tima. Amarillo, es el color del C\u00e1liz que usan los Jesuitas en misa.<\/p>\n<p>Actualmente el Responsable de Grupos es el Sr. Arturo Flores.[\/vc_column_text][vc_column_text]<\/p>\n<h2>M\u00e9todo de trabajo del Grupo Scout(1)<\/h2>\n<p>Las actividades, objetivos, m\u00e9todos y desarrollo del trabajo del grupo son generales a nivel nacional:<\/p>\n<p><strong>El m\u00e9todo:<\/strong> Sistema de autoeducaci\u00f3n progresiva, y que constituye un todo integrado en el que se combinan diversos elementos:<\/p>\n<p><strong>Ley y Promesa:<\/strong> J\u00f3venes aceptan libremente la Ley y a entregar su Promesa. Establecen voluntariamente, un estilo de vida, un compromiso personal hacia un c\u00f3digo de conducta determinado y acepta, ante un grupo de compa\u00f1eros, la responsabilidad de ser fiel a la palabra dada.<\/p>\n<p><strong>Aprender Haciendo:<\/strong> El aprendizaje se hace a trav\u00e9s de la observaci\u00f3n, la experimentaci\u00f3n y la actividad personal, permitiendo a los j\u00f3venes realizar por s\u00ed mismos, adquirir experiencias personales y desarrollar la creatividad.<\/p>\n<p><strong>Sistema de Equipos:<\/strong> Pertenencia a peque\u00f1os grupos sociales. Estos grupos de iguales aceleran la socializaci\u00f3n, identifican a sus miembros con los objetivos que le son propios, permiten el conocimiento profundo de otras personas y facilitan el aprecio mutuo, la libertad y espontaneidad, creando una atm\u00f3sfera o espacio educativo privilegiado para crecer y desarrollarse.<\/p>\n<p><strong>Programa de Actividades Progresivas:<\/strong> El m\u00e9todo scout se expresa finalmente en un programa de actividades progresivas, con el fin de satisfacer la necesidad de un desarrollo gradual y arm\u00f3nico de los j\u00f3venes. Adem\u00e1s, es estimulante y desafiante, con el objeto de atraer a aquellos a quienes se dirige.<br \/>\nEntre tales actividades destacan los juegos, las t\u00e9cnicas y habilidades pr\u00e1cticas, el servicio a la comunidad y su desarrollo, la vida al aire libre y la reflexi\u00f3n.<\/p>\n<p><strong>El Juego Educativo:<\/strong> El juego y la aventura son los medios fundamentales a trav\u00e9s de los cuales el ni\u00f1o y el joven se relacionan con la comunidad. Desde el punto de vista educativo, les permite descubrir su propia identidad, introduci\u00e9ndolos en el conocimiento de los dem\u00e1s y en la exploraci\u00f3n del mundo.<\/p>\n<p><strong>Las T\u00e9cnicas y Habilidades Pr\u00e1cticas:<\/strong> La educaci\u00f3n por la acci\u00f3n implica actividades y t\u00e9cnicas atrayentes que se aprenden ejecut\u00e1ndolas. Adem\u00e1s de ser medios privilegiados de aprendizaje al permitir que el joven adquiera experiencias personales y desarrolle su creatividad, estas habilidades lo llevan a descubrir la realidad exterior, le dan a conocer sus propias afinidades y aptitudes y lo inician en su vocaci\u00f3n.<\/p>\n<p><strong>Aprender Sirviendo:<\/strong> Los servicios a la comunidad y la participaci\u00f3n en su desarrollo son una expresi\u00f3n real de los principios del Movimiento y tambi\u00e9n una t\u00e9cnica educativa especifica.<\/p>\n<p>Aprender sirviendo es una forma de conocimiento de s\u00ed mismo, de integraci\u00f3n social efectiva, de estimulaci\u00f3n de la iniciativa y de asimilaci\u00f3n de valores tales como la sobriedad de vida, la justicia, el respeto a los derechos de los dem\u00e1s y la solidaridad.<\/p>\n<p><strong>Vida al Aire Libre:<\/strong> Por su intermedio el joven desarrolla y equilibra su cuerpo, su salud y sus capacidades f\u00edsicas, factores importantes para su futura calidad de vida.<\/p>\n<p>Estos mismos desaf\u00edos crean v\u00ednculos poderosos entre los miembros del grupo y posibilitan una comprensi\u00f3n profunda de la vida en sociedad. La naturaleza es un \u00e1mbito en que la libertad puede ser ejercida espont\u00e1neamente y una profunda formadora de conceptos est\u00e9ticos, al entregar un sentido natural de la belleza.<\/p>\n<p><strong>Vida de Reflexi\u00f3n:<\/strong> La reflexi\u00f3n personal y su puesta en com\u00fan a trav\u00e9s de las numerosas instancias de consejo que el m\u00e9todo scout ofrece, son medios educativos propiciados y aplicados por el Movimiento.<\/p>\n<p>Es una reflexi\u00f3n motivada por la acci\u00f3n, y que con posterioridad al an\u00e1lisis retorna a una acci\u00f3n corregida y profundizado. S\u00f3lo en esa medida las dem\u00e1s actividades del programa se traducen en crecimiento y estabilidad personal.[\/vc_column_text][vc_column_text]<\/p>\n<h2>\u00bfC\u00f3mo participar?<\/h2>\n<p>Si tienes sobre los 7 a\u00f1os, te esperamos todos los s\u00e1bados a las 15.00 hrs., en las dependencias del Colegio San Ignacio, ubicado en Paseo Los Batros 2350, San Pedro de la Paz.<\/p>\n<p>Bandada Santa Mar\u00eda recibe a ni\u00f1as de entre 7 a 11 a\u00f1os.<\/p>\n<p>Manada San Francisco de As\u00eds recibe a varones entre 7 y 11 a\u00f1os.<\/p>\n<p>La Compa\u00f1\u00eda Santa Teresa de Jes\u00fas recibe a damas y la tropa Manuel Fincheira Vega recibe desde los 11 y medio hasta los 15 y medio.<\/p>\n<p>La avanzada Sergio Alegr\u00eda es una unidad mixta y recibe a j\u00f3venes de entre 15 y medio hasta los 17 a\u00f1os o hasta cuarto medio.<\/p>\n<p>El Clan Alberto Hurtado es mixto y recibe a j\u00f3venes de 18 a 21 a\u00f1os aproximadamente.<\/p>\n<p>Contactos: <strong>&#115;c&#x6f;u&#x74;s&#x40;c&#x6f;&#108;&#x65;&#103;&#x69;&#111;&#x73;&#105;c&#46;c&#x6c;<\/strong><\/p>\n<div dir=\"auto\">\n<div>Bandada (Ni\u00f1as de 07 a 10 a\u00f1os): Gabriela Soto (&nbsp;<a href=\"&#109;&#x61;&#x69;l&#116;&#x6f;:&#103;&#x61;b&#114;&#x69;e&#108;&#x61;&#x2e;&#115;&#x6f;&#x74;o&#110;&#x40;g&#109;&#x61;i&#108;&#x2e;&#x63;&#111;&#x6d;\" target=\"_blank\" rel=\"noopener noreferrer\">&#103;a&#x62;r&#x69;e&#x6c;a&#x2e;s&#x6f;t&#x6f;&#110;&#x40;&#103;&#x6d;&#97;&#x69;&#108;&#x2e;&#99;&#x6f;&#109;<\/a>)<\/div>\n<div dir=\"auto\">Manada (Ni\u00f1os de 07 a 10 a\u00f1os):&nbsp; &nbsp; Iv\u00e1n Soto B. (<a href=\"&#109;a&#x69;l&#x74;&#111;&#x3a;&#73;&#x76;&#111;s&#x65;r&#x76;&#105;&#x40;&#103;&#x6d;&#97;&#x69;&#108;&#46;&#x63;o&#x6d;\" target=\"_blank\" rel=\"noopener\">&#x49;&#x76;&#x6f;&#x73;&#x65;&#x72;&#x76;&#x69;&#x40;&#x67;&#x6d;&#x61;&#x69;&#x6c;&#x2e;&#x63;&#x6f;&#x6d;<\/a>)<\/div>\n<div dir=\"auto\">Compa\u00f1\u00eda \u2013 Paula Valencia (<a href=\"&#109;&#x61;&#105;&#x6c;&#116;&#x6f;&#58;&#x70;a&#x75;l&#x61;v&#x61;l&#101;&#x6e;&#99;&#x69;&#97;&#x73;&#97;&#x6e;&#64;&#x67;m&#x61;i&#x6c;&#46;&#x63;o&#109;\" target=\"_blank\" rel=\"noopener noreferrer\">&#x70;&#x61;&#117;&#108;a&#x76;&#x61;&#x6c;&#101;nc&#x69;&#x61;&#115;&#97;n&#x40;&#x67;&#x6d;&#97;il&#x2e;&#x63;&#111;&#109;)<\/a><\/div>\n<div dir=\"auto\">Tropa \u2013 David Zapata (<a href=\"m&#97;&#105;&#x6c;&#x74;&#x6f;:&#100;&#97;&#x76;&#x69;&#x64;za&#112;&#x61;&#x74;&#x61;h&#64;&#103;&#109;&#x61;&#x69;&#x6c;&#46;&#99;&#111;&#x6d;\" target=\"_blank\" rel=\"noopener noreferrer\">&#x64;&#97;v&#x69;&#100;z&#x61;&#112;a&#x74;&#97;h&#x40;&#103;m&#x61;&#x69;l&#x2e;&#x63;&#111;&#x6d;<\/a>)<\/div>\n<div dir=\"auto\">Avanzada \u2013 Cristian Lara L. (<a href=\"m&#97;&#x69;&#x6c;&#x74;o&#58;&#99;&#x72;&#x69;s&#108;&#97;&#x72;&#x61;20&#48;&#x35;&#x40;&#x79;a&#104;&#x6f;&#x6f;&#x2e;e&#115;\" target=\"_blank\" rel=\"noopener\">cris&#108;&#97;&#114;&#97;&#50;&#x30;&#x30;&#x35;&#x40;&#x79;&#x61;&#x68;oo&#46;e&#115;<\/a>)<\/div>\n<div dir=\"auto\">Clan \u2013 Alejandro Congreve (<a href=\"m&#97;&#x69;&#x6c;t&#111;&#x3a;&#x61;l&#101;&#99;&#x6f;&#x6e;g&#114;&#x65;&#x76;e&#57;&#x32;&#x40;g&#109;&#97;&#x69;&#x6c;&#46;&#99;&#x6f;&#x6d;\" target=\"_blank\" rel=\"noopener noreferrer\">&#x61;l&#x65;&#99;o&#x6e;&#103;&#x72;&#101;v&#x65;&#57;&#x32;&#64;g&#x6d;&#97;&#x69;&#x6c;&#46;&#x63;&#111;m)<\/a><\/div>\n<div dir=\"auto\">&nbsp;<\/div>\n<div dir=\"auto\">Responsable de Grupo \u2013&nbsp;&nbsp;Arturo Flores (&nbsp;<a href=\"&#x6d;&#x61;&#x69;&#x6c;&#116;&#111;&#58;ar&#x74;&#x75;&#x72;&#x6f;&#x66;&#108;&#111;&#114;es&#x64;&#x40;&#x67;&#x6d;&#x61;&#105;&#108;&#46;co&#x6d;\" target=\"_blank\" rel=\"noopener noreferrer\">&#x61;&#114;&#x74;&#x75;&#114;&#x6f;&#102;l&#x6f;&#114;e&#x73;&#100;&#64;&#x67;&#109;a&#x69;&#108;&#x2e;&#x63;&#111;&#x6d;<\/a>)<\/div>\n<div dir=\"auto\">Asistente de Grupo \u2013 Cristian Lara L. (<a href=\"&#x6d;&#x61;&#x69;&#x6c;&#x74;&#x6f;&#x3a;&#x63;&#114;&#105;&#115;&#108;&#97;&#114;&#97;2005&#x40;&#x79;&#x61;&#x68;&#x6f;&#x6f;&#x2e;&#x65;&#x73;\" target=\"_blank\" rel=\"noopener\">&#99;r&#x69;s&#x6c;a&#x72;a&#x32;0&#x30;5&#x40;&#121;&#x61;&#104;&#x6f;&#111;&#x2e;&#101;&#x73;<\/a>)<\/div>\n<\/div>\n<p>[\/vc_column_text][vc_column_text]<strong>M\u00e1s informaci\u00f3n:&nbsp;<\/strong> <a href=\"&#109;&#97;&#x69;&#x6c;&#116;&#111;&#x3a;&#x73;&#99;&#111;&#x75;&#x74;&#115;&#64;&#x63;&#x6f;&#108;&#101;&#x67;&#x69;&#111;&#115;&#x69;&#x63;&#46;&#99;&#x6c;\" target=\"_top\" rel=\"noopener\">&#x73;&#x63;&#x6f;&#x75;&#x74;&#x73;&#x40;&#x63;&#111;&#108;&#101;&#103;&#105;&#111;&#115;ic&#46;c&#x6c;<\/a><\/p>\n<p><strong>(1)Fuente:<\/strong> <a href=\"https:\/\/www.guiasyscoutsdechile.cl\/\">Grupo Gu\u00edas y Scouts de Chile<\/a>[\/vc_column_text][\/vc_column][\/vc_row][vc_row][vc_column][vc_empty_space height=\u00bb100px\u00bb][\/vc_column][\/vc_row]<\/p>\n","protected":false},"excerpt":{"rendered":"<p>[vc_row thb_full_width=\u00bbtrue\u00bb thb_row_padding=\u00bbtrue\u00bb thb_column_padding=\u00bbtrue\u00bb css=\u00bb.vc_custom_1570111890857{background-image: url(http:\/\/sanignacioconcepcion.cl\/sitio\/wp-content\/uploads\/2019\/10\/banner-superior01.jpg?id=134) !important;background-position: center !important;background-repeat: no-repeat !important;background-size: cover !important;}\u00bb el_class=\u00bbbanner-superior\u00bb][vc_column][\/vc_column][\/vc_row][vc_row el_class=\u00bbcontenedor-titulo-pagina align-center\u00bb][vc_column width=\u00bb11\/12&#8243;][vc_column_text] Grupo Gu\u00eda Scout San Ignacio de Loyola [\/vc_column_text][\/vc_column][\/vc_row][vc_row el_class=\u00bbbreadcrumbs-contenedor align-center\u00bb][vc_column][vc_widget_sidebar sidebar_id=\u00bbfooter6&#8243;][\/vc_column][\/vc_row][vc_row el_class=\u00bbalign-center\u00bb][vc_column width=\u00bb3\/4&#8243; el_class=\u00bbcontenedor-paginas-interiores\u00bb][vc_column_text] Historia del grupo Gu\u00eda y Scouts San Ignacio [\/vc_column_text][vc_column_text][\/vc_column_text][vc_column_text]El grupo se fund\u00f3 el a\u00f1o 1943, pero la investidura oficial se llev\u00f3 a cabo el&hellip;<\/p>\n","protected":false},"author":1,"featured_media":0,"parent":862,"menu_order":0,"comment_status":"closed","ping_status":"closed","template":"","meta":[],"_links":{"self":[{"href":"http:\/\/sanignacioconcepcion.cl\/sitio\/wp-json\/wp\/v2\/pages\/945"}],"collection":[{"href":"http:\/\/sanignacioconcepcion.cl\/sitio\/wp-json\/wp\/v2\/pages"}],"about":[{"href":"http:\/\/sanignacioconcepcion.cl\/sitio\/wp-json\/wp\/v2\/types\/page"}],"author":[{"embeddable":true,"href":"http:\/\/sanignacioconcepcion.cl\/sitio\/wp-json\/wp\/v2\/users\/1"}],"replies":[{"embeddable":true,"href":"http:\/\/sanignacioconcepcion.cl\/sitio\/wp-json\/wp\/v2\/comments?post=945"}],"version-history":[{"count":12,"href":"http:\/\/sanignacioconcepcion.cl\/sitio\/wp-json\/wp\/v2\/pages\/945\/revisions"}],"predecessor-version":[{"id":6911,"href":"http:\/\/sanignacioconcepcion.cl\/sitio\/wp-json\/wp\/v2\/pages\/945\/revisions\/6911"}],"up":[{"embeddable":true,"href":"http:\/\/sanignacioconcepcion.cl\/sitio\/wp-json\/wp\/v2\/pages\/862"}],"wp:attachment":[{"href":"http:\/\/sanignacioconcepcion.cl\/sitio\/wp-json\/wp\/v2\/media?parent=945"}],"curies":[{"name":"wp","href":"https:\/\/api.w.org\/{rel}","templated":true}]}}