{"id":969,"date":"2024-09-09T19:48:43","date_gmt":"2024-09-09T22:48:43","guid":{"rendered":"http:\/\/movilia.cl\/sanignacio\/?page_id=969"},"modified":"2024-09-10T10:12:25","modified_gmt":"2024-09-10T13:12:25","slug":"celebracion-fiesta-huasa","status":"publish","type":"page","link":"http:\/\/sanignacioconcepcion.cl\/sitio\/centro-de-padres-y-apoderados-cpa\/celebracion-fiesta-huasa\/","title":{"rendered":"Celebraci\u00f3n Fiesta Huasa"},"content":{"rendered":"<p>[vc_row thb_full_width=\u00bbtrue\u00bb thb_row_padding=\u00bbtrue\u00bb thb_column_padding=\u00bbtrue\u00bb css=\u00bb.vc_custom_1570111890857{background-image: url(http:\/\/sanignacioconcepcion.cl\/sitio\/wp-content\/uploads\/2019\/10\/banner-superior01.jpg?id=134) !important;background-position: center !important;background-repeat: no-repeat !important;background-size: cover !important;}\u00bb el_class=\u00bbbanner-superior\u00bb][vc_column][\/vc_column][\/vc_row][vc_row el_class=\u00bbcontenedor-titulo-pagina align-center\u00bb][vc_column width=\u00bb11\/12&#8243;][vc_column_text]<\/p>\n<h2>Celebraci\u00f3n Fiesta Huasa<\/h2>\n<p>[\/vc_column_text][\/vc_column][\/vc_row][vc_row el_class=\u00bbbreadcrumbs-contenedor align-center\u00bb][vc_column][vc_widget_sidebar sidebar_id=\u00bbfooter6&#8243;][\/vc_column][\/vc_row][vc_row el_class=\u00bbalign-center\u00bb][vc_column width=\u00bb3\/4&#8243; el_class=\u00bbcontenedor-paginas-interiores\u00bb][vc_column_text]<\/p>\n<h2><strong>Fiesta Huasa 2024: con gran \u00e9xito la comunidad dio inicio a las celebraciones de Fiestas Patrias<\/strong><\/h2>\n<p><img loading=\"lazy\" class=\"alignnone wp-image-8735 size-large\" src=\"http:\/\/sanignacioconcepcion.cl\/sitio\/wp-content\/uploads\/2024\/09\/DSC00005-1024x580.jpg\" alt=\"\" width=\"1024\" height=\"580\" srcset=\"http:\/\/sanignacioconcepcion.cl\/sitio\/wp-content\/uploads\/2024\/09\/DSC00005-1024x580.jpg 1024w, http:\/\/sanignacioconcepcion.cl\/sitio\/wp-content\/uploads\/2024\/09\/DSC00005-768x435.jpg 768w, http:\/\/sanignacioconcepcion.cl\/sitio\/wp-content\/uploads\/2024\/09\/DSC00005-1536x869.jpg 1536w, http:\/\/sanignacioconcepcion.cl\/sitio\/wp-content\/uploads\/2024\/09\/DSC00005-2048x1159.jpg 2048w, http:\/\/sanignacioconcepcion.cl\/sitio\/wp-content\/uploads\/2024\/09\/DSC00005-600x340.jpg 600w\" sizes=\"(max-width: 1024px) 100vw, 1024px\" \/><\/p>\n<p>El pasado s\u00e1bado dimos inicio a las celebraciones del mes de la patria con la tradicional Fiesta Huasa en el Colegio San Ignacio, y super\u00f3 todas nuestras expectativas. Durante esta jornada, la comunidad escolar disfrut\u00f3 de una gran variedad de actividades y preparaciones t\u00edpicas, organizadas por los distintos cursos y estamentos.<\/p>\n<p>La celebraci\u00f3n comenz\u00f3 oficialmente con el tradicional corte de cinta, realizado por la la Directiva del Centro de Padres, el capell\u00e1n del colegio P. Juan Pablo Moyano, y representantes de diversos estamentos de nuestra comunidad educativa, incluyendo CASI, CVX, STPAH, MEJ, Scout. Durante la inauguraci\u00f3n, la presidenta del Centro de Padres expres\u00f3 su agradecimiento por la participaci\u00f3n de todos, destacando que actividades como esta son fundamentales para \u00abhacer comunidad\u00bb. La ceremonia de inicio fue muy significativa, con la participaci\u00f3n de todos los grupos mencionados. La inauguraci\u00f3n estuvo acompa\u00f1ada por la m\u00fasica del grupo estudiantil \u00abLos Cuequeros\u00bb, cuyo acorde\u00f3n dio inicio al primer pie de cueca, con una pareja de baile compuesta por una representante del CASI y un miembro del CPA.<\/p>\n<p>Los asistentes pudieron deleitarse con una amplia oferta gastron\u00f3mica que incluy\u00f3 desde pajaritos hasta choripanes, anticuchos, mote con huesillos, reposter\u00eda y otras preparaciones para todos los gustos. El gimnasio y el patio de parrillas se llenaron de diversidad de dulces y comida t\u00edpica, mientras que los stands de juegos, muy demandados durante toda la jornada, manten\u00edan filas a\u00fan pasada las 19:00 hrs. Adem\u00e1s, destacamos la creatividad y estrategia de venta de cada stand, desde los nombres y la decoraci\u00f3n hasta la promoci\u00f3n activa por parte de apoderados y estudiantes.<\/p>\n<p>El Gimnasio B ofreci\u00f3 un espacio donde las familias pudieron disfrutar de las presentaciones de las bandas de estudiantes y del Grupo Folcl\u00f3rico de apoderados \u00abBrotes de San Ignacio\u00bb, quienes nos deleitaron con dos presentaciones.<\/p>\n<p>La Directiva del Centro de Padres, agradeci\u00f3 a todos los presentes y en especial a los\/las estudiantes por su apoyo y compartir su talento \u00abestamos profundamente orgullosos y felices de nuestra comunidad SIC, de lo que hacemos juntos, y agradecemos a todos y todas quienes nos apoyaron en la realizaci\u00f3n de esta inolvidable Fiesta Huasa 2024\u00bb. \u00a1Gracias por ser parte de este maravilloso d\u00eda! <a href=\"https:\/\/photos.app.goo.gl\/JLFRLpksMTa3vHvt9\">ver fotos<\/a>[\/vc_column_text][\/vc_column][\/vc_row][vc_row][vc_column][vc_empty_space height=\u00bb100px\u00bb][\/vc_column][\/vc_row]<\/p>\n","protected":false},"excerpt":{"rendered":"<p>[vc_row thb_full_width=\u00bbtrue\u00bb thb_row_padding=\u00bbtrue\u00bb thb_column_padding=\u00bbtrue\u00bb css=\u00bb.vc_custom_1570111890857{background-image: url(http:\/\/sanignacioconcepcion.cl\/sitio\/wp-content\/uploads\/2019\/10\/banner-superior01.jpg?id=134) !important;background-position: center !important;background-repeat: no-repeat !important;background-size: cover !important;}\u00bb el_class=\u00bbbanner-superior\u00bb][vc_column][\/vc_column][\/vc_row][vc_row el_class=\u00bbcontenedor-titulo-pagina align-center\u00bb][vc_column width=\u00bb11\/12&#8243;][vc_column_text] Celebraci\u00f3n Fiesta Huasa [\/vc_column_text][\/vc_column][\/vc_row][vc_row el_class=\u00bbbreadcrumbs-contenedor align-center\u00bb][vc_column][vc_widget_sidebar sidebar_id=\u00bbfooter6&#8243;][\/vc_column][\/vc_row][vc_row el_class=\u00bbalign-center\u00bb][vc_column width=\u00bb3\/4&#8243; el_class=\u00bbcontenedor-paginas-interiores\u00bb][vc_column_text] Fiesta Huasa 2024: con gran \u00e9xito la comunidad dio inicio a las celebraciones de Fiestas Patrias El pasado s\u00e1bado dimos inicio a las celebraciones del mes de la&hellip;<\/p>\n","protected":false},"author":1,"featured_media":0,"parent":955,"menu_order":0,"comment_status":"closed","ping_status":"closed","template":"","meta":[],"_links":{"self":[{"href":"http:\/\/sanignacioconcepcion.cl\/sitio\/wp-json\/wp\/v2\/pages\/969"}],"collection":[{"href":"http:\/\/sanignacioconcepcion.cl\/sitio\/wp-json\/wp\/v2\/pages"}],"about":[{"href":"http:\/\/sanignacioconcepcion.cl\/sitio\/wp-json\/wp\/v2\/types\/page"}],"author":[{"embeddable":true,"href":"http:\/\/sanignacioconcepcion.cl\/sitio\/wp-json\/wp\/v2\/users\/1"}],"replies":[{"embeddable":true,"href":"http:\/\/sanignacioconcepcion.cl\/sitio\/wp-json\/wp\/v2\/comments?post=969"}],"version-history":[{"count":10,"href":"http:\/\/sanignacioconcepcion.cl\/sitio\/wp-json\/wp\/v2\/pages\/969\/revisions"}],"predecessor-version":[{"id":8746,"href":"http:\/\/sanignacioconcepcion.cl\/sitio\/wp-json\/wp\/v2\/pages\/969\/revisions\/8746"}],"up":[{"embeddable":true,"href":"http:\/\/sanignacioconcepcion.cl\/sitio\/wp-json\/wp\/v2\/pages\/955"}],"wp:attachment":[{"href":"http:\/\/sanignacioconcepcion.cl\/sitio\/wp-json\/wp\/v2\/media?parent=969"}],"curies":[{"name":"wp","href":"https:\/\/api.w.org\/{rel}","templated":true}]}}

Celebración Fiesta Huasa

<p>[vc_row thb_full_width=»true» thb_row_padding=»true» thb_column_padding=»true» css=».vc_custom_1570111890857{background-image: url(http://sanignacioconcepcion.cl/sitio/wp-content/uploads/2019/10/banner-superior01.jpg?id=134) !important;background-position: center !important;background-repeat: no-repeat !important;background-size: cover !important;}» el_class=»banner-superior»][vc_column][/vc_column][/vc_row][vc_row el_class=»contenedor-titulo-pagina align-center»][vc_column width=»11/12&#8243;][vc_column_text]</p>
<h2>Celebración Fiesta Huasa</h2>
<p>[/vc_column_text][/vc_column][/vc_row][vc_row el_class=»breadcrumbs-contenedor align-center»][vc_column][vc_widget_sidebar sidebar_id=»footer6&#8243;][/vc_column][/vc_row][vc_row el_class=»align-center»][vc_column width=»3/4&#8243; el_class=»contenedor-paginas-interiores»][vc_column_text]</p>
<h2><strong>Fiesta Huasa 2024: con gran éxito la comunidad dio inicio a las celebraciones de Fiestas Patrias</strong></h2>
<p><img loading="lazy" class="alignnone wp-image-8735 size-large" src="http://sanignacioconcepcion.cl/sitio/wp-content/uploads/2024/09/DSC00005-1024x580.jpg" alt="" width="1024" height="580" srcset="http://sanignacioconcepcion.cl/sitio/wp-content/uploads/2024/09/DSC00005-1024x580.jpg 1024w, http://sanignacioconcepcion.cl/sitio/wp-content/uploads/2024/09/DSC00005-768x435.jpg 768w, http://sanignacioconcepcion.cl/sitio/wp-content/uploads/2024/09/DSC00005-1536x869.jpg 1536w, http://sanignacioconcepcion.cl/sitio/wp-content/uploads/2024/09/DSC00005-2048x1159.jpg 2048w, http://sanignacioconcepcion.cl/sitio/wp-content/uploads/2024/09/DSC00005-600x340.jpg 600w" sizes="(max-width: 1024px) 100vw, 1024px" /></p>
<p>El pasado sábado dimos inicio a las celebraciones del mes de la patria con la tradicional Fiesta Huasa en el Colegio San Ignacio, y superó todas nuestras expectativas. Durante esta jornada, la comunidad escolar disfrutó de una gran variedad de actividades y preparaciones típicas, organizadas por los distintos cursos y estamentos.</p>
<p>La celebración comenzó oficialmente con el tradicional corte de cinta, realizado por la la Directiva del Centro de Padres, el capellán del colegio P. Juan Pablo Moyano, y representantes de diversos estamentos de nuestra comunidad educativa, incluyendo CASI, CVX, STPAH, MEJ, Scout. Durante la inauguración, la presidenta del Centro de Padres expresó su agradecimiento por la participación de todos, destacando que actividades como esta son fundamentales para «hacer comunidad». La ceremonia de inicio fue muy significativa, con la participación de todos los grupos mencionados. La inauguración estuvo acompañada por la música del grupo estudiantil «Los Cuequeros», cuyo acordeón dio inicio al primer pie de cueca, con una pareja de baile compuesta por una representante del CASI y un miembro del CPA.</p>
<p>Los asistentes pudieron deleitarse con una amplia oferta gastronómica que incluyó desde pajaritos hasta choripanes, anticuchos, mote con huesillos, repostería y otras preparaciones para todos los gustos. El gimnasio y el patio de parrillas se llenaron de diversidad de dulces y comida típica, mientras que los stands de juegos, muy demandados durante toda la jornada, mantenían filas aún pasada las 19:00 hrs. Además, destacamos la creatividad y estrategia de venta de cada stand, desde los nombres y la decoración hasta la promoción activa por parte de apoderados y estudiantes.</p>
<p>El Gimnasio B ofreció un espacio donde las familias pudieron disfrutar de las presentaciones de las bandas de estudiantes y del Grupo Folclórico de apoderados «Brotes de San Ignacio», quienes nos deleitaron con dos presentaciones.</p>
<p>La Directiva del Centro de Padres, agradeció a todos los presentes y en especial a los/las estudiantes por su apoyo y compartir su talento «estamos profundamente orgullosos y felices de nuestra comunidad SIC, de lo que hacemos juntos, y agradecemos a todos y todas quienes nos apoyaron en la realización de esta inolvidable Fiesta Huasa 2024». ¡Gracias por ser parte de este maravilloso día! <a href="https://photos.app.goo.gl/JLFRLpksMTa3vHvt9">ver fotos</a>[/vc_column_text][/vc_column][/vc_row][vc_row][vc_column][vc_empty_space height=»100px»][/vc_column][/vc_row]</p>

<p>[vc_row thb_full_width=»true» thb_row_padding=»true» thb_column_padding=»true» css=».vc_custom_1570111890857{background-image: url(http://sanignacioconcepcion.cl/sitio/wp-content/uploads/2019/10/banner-superior01.jpg?id=134) !important;background-position: center !important;background-repeat: no-repeat !important;background-size: cover !important;}» el_class=»banner-superior»][vc_column][/vc_column][/vc_row][vc_row el_class=»contenedor-titulo-pagina align-center»][vc_column width=»11/12&#8243;][vc_column_text] Celebración Fiesta Huasa [/vc_column_text][/vc_column][/vc_row][vc_row el_class=»breadcrumbs-contenedor align-center»][vc_column][vc_widget_sidebar sidebar_id=»footer6&#8243;][/vc_column][/vc_row][vc_row el_class=»align-center»][vc_column width=»3/4&#8243; el_class=»contenedor-paginas-interiores»][vc_column_text] Fiesta Huasa 2024: con gran éxito la comunidad dio inicio a las celebraciones de Fiestas Patrias El pasado sábado dimos inicio a las celebraciones del mes de la&hellip;</p>
